CRAN Package Check Results for Package Require

Last updated on 2021-09-26 16:49:25 CEST.

Flavor Version Tinstall Tcheck Ttotal Status Flags
r-devel-linux-x86_64-debian-clang 0.0.13 5.83 207.25 213.08 OK
r-devel-linux-x86_64-debian-gcc 0.0.13 5.31 146.62 151.93 OK
r-devel-linux-x86_64-fedora-clang 0.0.13 179.73 NOTE
r-devel-linux-x86_64-fedora-gcc 0.0.13 936.99 NOTE
r-devel-windows-x86_64 0.0.13 8.00 105.00 113.00 OK
r-devel-windows-x86_64-gcc10-UCRT 0.0.13 ERROR
r-patched-linux-x86_64 0.0.13 5.80 180.51 186.31 OK
r-patched-solaris-x86 0.0.13 388.60 OK
r-release-linux-x86_64 0.0.13 5.90 173.25 179.15 OK
r-release-macos-arm64 0.0.13 OK
r-release-macos-x86_64 0.0.13 OK
r-release-windows-ix86+x86_64 0.0.13 11.00 112.00 123.00 OK
r-oldrel-macos-x86_64 0.0.13 OK
r-oldrel-windows-ix86+x86_64 0.0.13 38.00 85.00 123.00 OK

Check Details

Version: 0.0.13
Check: for non-standard things in the check directory
Result: NOTE
    Found the following files/directories:
     ‘4.2’
Flavors: r-devel-linux-x86_64-fedora-clang, r-devel-linux-x86_64-fedora-gcc

Version: 0.0.13
Check: tests
Result: ERROR
     Running 'test-all.R'
    Running the tests in 'tests/test-all.R' failed.
    Complete output:
     > library(testit)
     > test_pkg("Require")
     Installing: TimeWarp
     -- Installing TimeWarp -- (1 of 1. Estimated time left: ...; est. finish: ...calculating)
     Installing package into 'C:/msys64/home/tomas/ucrt3/svn/ucrt3/r_packages/pkgcheck/CRAN/Require/tmp/RtmpMZnIlA/Require/test1/4.2'
     (as 'lib' is unspecified)
     trying URL 'https://cloud.r-project.org/bin/windows/contrib/4.2/TimeWarp_1.0.15.zip'
     Content length 145230 bytes (141 KB)
     ==================================================
     downloaded 141 KB
    
     package 'TimeWarp' successfully unpacked and MD5 sums checked
    
     The downloaded binary packages are in
     C:\msys64\home\tomas\ucrt3\svn\ucrt3\r_packages\pkgcheck\CRAN\Require\tmp\RtmpMZnIlA\downloaded_packages
     Loading required package: TimeWarp
     Detaching is fraught with many potential problems; you may have to restart your session if things aren't working
     available.packages() does not have correct information on package dependencies for sdfd; downloading tar.gz
     sdfd dependencies not found on CRAN; perhaps incomplete description? On GitHub?
     available.packages() does not have correct information on package dependencies for data.tt; downloading tar.gz
     data.tt dependencies not found on CRAN; perhaps incomplete description? On GitHub?
     Installing: data.tt
     -- Installing data.tt -- (1 of 1. Estimated time left: ...; est. finish: ...calculating)
     Installing package into 'C:/msys64/home/tomas/ucrt3/svn/ucrt3/r_packages/pkgcheck/CRAN/Require/Require.Rcheck/4.2'
     (as 'lib' is unspecified)
     deps is provided; useAllInSearch will be set to FALSE
     deps is provided; useAllInSearch will be set to FALSE
     Installing: data.table
     Detaching is fraught with many potential problems; you may have to restart your session if things aren't working
     -- Installing data.table -- (1 of 1. Estimated time left: ...; est. finish: ...calculating)
     Installing package into 'C:/msys64/home/tomas/ucrt3/svn/ucrt3/r_packages/pkgcheck/CRAN/Require/tmp/RtmpMZnIlA/Require/RtmpMZnIlA/4.2'
     (as 'lib' is unspecified)
     trying URL 'https://www.r-project.org/nosvn/winutf8/ucrt3/CRAN/bin/windows/contrib/4.2/data.table_1.14.0.zip'
     length 2235958 bytes (2.1 MB)
     ==================================================
     downloaded 2.1 MB
    
     package 'data.table' successfully unpacked and MD5 sums checked
    
     The downloaded binary packages are in
     C:\msys64\home\tomas\ucrt3\svn\ucrt3\r_packages\pkgcheck\CRAN\Require\tmp\RtmpMZnIlA\downloaded_packages
     did not contain Require source code
     trying URL 'https://cloud.r-project.org/bin/windows/contrib/4.2/Require_0.0.13.zip'
     Content length 288616 bytes (281 KB)
     ==================================================
     downloaded 281 KB
    
     package 'Require' successfully unpacked and MD5 sums checked
    
     The downloaded binary packages are in
     C:\msys64\home\tomas\ucrt3\svn\ucrt3\r_packages\pkgcheck\CRAN\Require\tmp\RtmpmsC84d\downloaded_packages
     Installing: remotes, data.table, Require
     Detaching is fraught with many potential problems; you may have to restart your session if things aren't working
     -- Installing remotes -- (1 of 3. Estimated time left: ...; est. finish: ...calculating)
     Installing package into 'C:/msys64/home/tomas/ucrt3/svn/ucrt3/r_packages/pkgcheck/CRAN/Require/tmp/RtmpMZnIlA/Require/RtmpMZnIlA/4.2'
     (as 'lib' is unspecified)
     trying URL 'https://cloud.r-project.org/bin/windows/contrib/4.2/remotes_2.4.0.zip'
     Content length 395091 bytes (385 KB)
     ==================================================
     downloaded 385 KB
    
     package 'remotes' successfully unpacked and MD5 sums checked
    
     The downloaded binary packages are in
     C:\msys64\home\tomas\ucrt3\svn\ucrt3\r_packages\pkgcheck\CRAN\Require\tmp\RtmpMZnIlA\downloaded_packages
     -- Installing data.table -- (2 of 3. Estimated time left: ...; est. finish: ...calculating)
     Installing package into 'C:/msys64/home/tomas/ucrt3/svn/ucrt3/r_packages/pkgcheck/CRAN/Require/tmp/RtmpMZnIlA/Require/RtmpMZnIlA/4.2'
     (as 'lib' is unspecified)
     trying URL 'https://www.r-project.org/nosvn/winutf8/ucrt3/CRAN/bin/windows/contrib/4.2/data.table_1.14.0.zip'
     length 2235958 bytes (2.1 MB)
     ==================================================
     downloaded 2.1 MB
    
     package 'data.table' successfully unpacked and MD5 sums checked
    
     The downloaded binary packages are in
     C:\msys64\home\tomas\ucrt3\svn\ucrt3\r_packages\pkgcheck\CRAN\Require\tmp\RtmpMZnIlA\downloaded_packages
     -- Installing Require -- (3 of 3. Estimated time left: 6 secs; est. finish: 2021-09-24 19:32:49)
     Duplicate packages are Required; discarding older, or unavailable
     Package packageFullName keep installResult
     1: data.table data.table TRUE TRUE
     2: data.table data.table FALSE TRUE
     Duplicate packages are Required; discarding older, or unavailable
     Package packageFullName keep installResult
     1: data.table data.table TRUE TRUE
     2: data.table data.table FALSE TRUE
     Detaching is fraught with many potential problems; you may have to restart your session if things aren't working
     .libPaths() is now: C:/msys64/home/tomas/ucrt3/svn/ucrt3/r_packages/pkgcheck/CRAN/Require/tmp/RtmpMZnIlA/Require/RtmpMZnIlA/4.2, C:/msys64/home/tomas/ucrt3/svn/ucrt3/r_packages/rinst/library
     Loading required package: data.table
     .libPaths() is now: C:/msys64/home/tomas/ucrt3/svn/ucrt3/r_packages/pkgcheck/CRAN/Require/Require.Rcheck/4.2, C:/msys64/home/tomas/ucrt3/svn/ucrt3/r_packages/pkgcheck/lib/4.2, C:/msys64/home/tomas/ucrt3/svn/ucrt3/r_packages/rinst/library/4.2, C:/msys64/home/tomas/ucrt3/svn/ucrt3/r_packages/rinst/library
     Updating .Rprofile; this will set new libPaths for R packages even after restarting R
     .libPaths() is now: C:/msys64/home/tomas/ucrt3/svn/ucrt3/r_packages/pkgcheck/CRAN/Require/tmp/RtmpMZnIlA/newProjectLib/4.2, C:/msys64/home/tomas/ucrt3/svn/ucrt3/r_packages/rinst/library
     removing custom libPaths in .Rprofile
     .libPaths() is now: C:/msys64/home/tomas/ucrt3/svn/ucrt3/r_packages/pkgcheck/CRAN/Require/Require.Rcheck/4.2, C:/msys64/home/tomas/ucrt3/svn/ucrt3/r_packages/pkgcheck/lib/4.2, C:/msys64/home/tomas/ucrt3/svn/ucrt3/r_packages/rinst/library/4.2, C:/msys64/home/tomas/ucrt3/svn/ucrt3/r_packages/rinst/library
     .libPaths() is now: C:/msys64/home/tomas/ucrt3/svn/ucrt3/r_packages/pkgcheck/CRAN/Require/Require.Rcheck, C:/msys64/home/tomas/ucrt3/svn/ucrt3/r_packages/pkgcheck/lib, C:/msys64/home/tomas/ucrt3/svn/ucrt3/r_packages/rinst/library
     Placing copy of Require in C:/msys64/home/tomas/ucrt3/svn/ucrt3/r_packages/pkgcheck/CRAN/Require/tmp/RtmpMZnIlA/Require/setupTests
     Placing copy of remotes in C:/msys64/home/tomas/ucrt3/svn/ucrt3/r_packages/pkgcheck/CRAN/Require/tmp/RtmpMZnIlA/Require/setupTests
     Placing copy of data.table in C:/msys64/home/tomas/ucrt3/svn/ucrt3/r_packages/pkgcheck/CRAN/Require/tmp/RtmpMZnIlA/Require/setupTests
     Updating .Rprofile; this will set new libPaths for R packages even after restarting R
     .libPaths() is now: C:/msys64/home/tomas/ucrt3/svn/ucrt3/r_packages/pkgcheck/CRAN/Require/tmp/RtmpMZnIlA/Require/setupTests/4.2, C:/msys64/home/tomas/ucrt3/svn/ucrt3/r_packages/rinst/library
     removing custom libPaths in .Rprofile
     .libPaths() is now: C:/msys64/home/tomas/ucrt3/svn/ucrt3/r_packages/pkgcheck/CRAN/Require/Require.Rcheck, C:/msys64/home/tomas/ucrt3/svn/ucrt3/r_packages/pkgcheck/lib, C:/msys64/home/tomas/ucrt3/svn/ucrt3/r_packages/rinst/library
     This is getOption('Require.RPackageCache')
     This is NULL
     Updating .Rprofile; this will set new libPaths for R packages even after restarting R
     .libPaths() is now: C:/msys64/home/tomas/ucrt3/svn/ucrt3/r_packages/pkgcheck/CRAN/Require/tmp/RtmpMZnIlA/Require/setupTests/4.2, C:/msys64/home/tomas/ucrt3/svn/ucrt3/r_packages/rinst/library
     removing custom libPaths in .Rprofile
     .libPaths() is now: C:/msys64/home/tomas/ucrt3/svn/ucrt3/r_packages/pkgcheck/CRAN/Require/Require.Rcheck, C:/msys64/home/tomas/ucrt3/svn/ucrt3/r_packages/pkgcheck/lib, C:/msys64/home/tomas/ucrt3/svn/ucrt3/r_packages/rinst/library
     Getting dates of current CRAN packages
     available.packages() does not have correct information on package dependencies for Require because they are Archive versions; downloading their respective tar.gz files
     Called from: (function (pkgURL, pkgTD)
     {
     url <- file.path(repos, srcContrib, "/Archive", pkgURL)
     url2 <- file.path(repos, srcContrib, basename(pkgURL))
     tf <- tempfile()
     haveFile <- suppressWarnings(tryCatch(download.file(url,
     tf, quiet = TRUE), error = function(x) tryCatch(download.file(url2,
     tf, quiet = TRUE), error = function(y) FALSE)))
     if (!file.exists(tf))
     browser()
     untar(tarfile = tf, exdir = dirname(pkgTD))
     filesToDel <- dir(pkgTD, recursive = TRUE, full.names = TRUE,
     include.dirs = TRUE)
     filesToDel <- filesToDel[grep("^DESCRIPTION$", basename(filesToDel),
     invert = TRUE)]
     unlink(filesToDel, recursive = TRUE)
     })(pkgURL = dots[[1L]][[1L]], pkgTD = dots[[2L]][[1L]])
     Browse[1]> debug: untar(tarfile = tf, exdir = dirname(pkgTD))
     Browse[2]> /usr/bin/tar: C\:\\msys64\\home\\tomas\\ucrt3\\svn\\ucrt3\\r_packages\\pkgcheck\\CRAN\\Require\\tmp\\RtmpMZnIlA\\file131948e77330: Cannot open: No such file or directory
     /usr/bin/tar: Error is not recoverable: exiting now
     debug: filesToDel <- dir(pkgTD, recursive = TRUE, full.names = TRUE,
     include.dirs = TRUE)
     Browse[2]> debug: filesToDel <- filesToDel[grep("^DESCRIPTION$", basename(filesToDel),
     invert = TRUE)]
     Browse[2]> debug: unlink(filesToDel, recursive = TRUE)
     Browse[2]> Error from message(pkg, " dependencies not found on CRAN; perhaps incomplete description? On GitHub?")
     Error in message(pkg, " dependencies not found on CRAN; perhaps incomplete description? On GitHub?") :
     object 'pkg' not found
     Calls: test_pkg ... pkgDepArchive -> lapply -> FUN -> message -> .makeMessage -> lapply
     Execution halted
Flavor: r-devel-windows-x86_64-gcc10-UCRT