CRAN Package Check Results for Package Replication

Last updated on 2021-11-29 23:50:49 CET.

Flavor Version Tinstall Tcheck Ttotal Status Flags
r-devel-linux-x86_64-debian-clang 0.1.2 13.10 197.78 210.88 NOTE
r-devel-linux-x86_64-debian-gcc 0.1.2 12.80 149.84 162.64 NOTE
r-devel-linux-x86_64-fedora-clang 0.1.2 290.30 NOTE
r-devel-linux-x86_64-fedora-gcc 0.1.2 260.64 NOTE
r-devel-windows-x86_64-new-UL 0.1.2 18.00 298.00 316.00 NOTE
r-devel-windows-x86_64-new-TK 0.1.2 NOTE
r-devel-windows-x86_64-old 0.1.2 34.00 212.00 246.00 NOTE
r-patched-linux-x86_64 0.1.2 26.94 183.27 210.21 NOTE
r-patched-solaris-x86 0.1.2 381.10 NOTE
r-release-linux-x86_64 0.1.2 20.09 183.17 203.26 NOTE
r-release-macos-arm64 0.1.2 NOTE
r-release-macos-x86_64 0.1.2 NOTE
r-release-windows-ix86+x86_64 0.1.2 55.00 170.00 225.00 NOTE
r-oldrel-macos-x86_64 0.1.2 OK
r-oldrel-windows-ix86+x86_64 0.1.2 41.00 174.00 215.00 OK

Check Details

Version: 0.1.2
Check: LazyData
Result: NOTE
     'LazyData' is specified without a 'data' directory
Flavors: r-devel-linux-x86_64-debian-clang, r-devel-linux-x86_64-debian-gcc, r-devel-linux-x86_64-fedora-clang, r-devel-linux-x86_64-fedora-gcc, r-devel-windows-x86_64-new-UL, r-devel-windows-x86_64-new-TK, r-devel-windows-x86_64-old, r-patched-linux-x86_64, r-patched-solaris-x86, r-release-linux-x86_64, r-release-macos-arm64, r-release-macos-x86_64, r-release-windows-ix86+x86_64