Last updated on 2023-02-01 04:52:05 CET.
Flavor | Version | Tinstall | Tcheck | Ttotal | Status | Flags |
---|---|---|---|---|---|---|
r-devel-linux-x86_64-debian-clang | 0.3.0 | 17.86 | 208.38 | 226.24 | OK | |
r-devel-linux-x86_64-debian-gcc | 0.3.0 | 14.27 | 147.15 | 161.42 | OK | |
r-devel-linux-x86_64-fedora-clang | 0.3.0 | 281.31 | OK | |||
r-devel-linux-x86_64-fedora-gcc | 0.3.0 | 295.03 | OK | |||
r-devel-windows-x86_64 | 0.3.0 | 38.00 | 163.00 | 201.00 | ERROR | |
r-patched-linux-x86_64 | 0.3.0 | 17.03 | 201.78 | 218.81 | OK | |
r-release-linux-x86_64 | 0.3.0 | 14.74 | 195.04 | 209.78 | OK | |
r-release-macos-arm64 | 0.3.0 | 74.00 | OK | |||
r-release-macos-x86_64 | 0.3.0 | 118.00 | OK | |||
r-release-windows-x86_64 | 0.3.0 | 38.00 | 157.00 | 195.00 | ERROR | |
r-oldrel-macos-arm64 | 0.3.0 | 80.00 | OK | |||
r-oldrel-macos-x86_64 | 0.3.0 | 111.00 | OK | |||
r-oldrel-windows-ix86+x86_64 | 0.3.0 | 34.00 | 264.00 | 298.00 | OK |
Version: 0.3.0
Check: re-building of vignette outputs
Result: ERROR
Error(s) in re-building vignettes:
--- re-building 'Rediscover.Rmd' using rmarkdown
Quitting from lines 21-30 (Rediscover.Rmd)
Error: processing vignette 'Rediscover.Rmd' failed with diagnostics:
package or namespace load failed for 'TCGAbiolinks' in loadNamespace(i, c(lib.loc, .libPaths()), versionCheck = vI[[i]]):
namespace 'TCGAbiolinksGUI.data' 1.12.0 is being loaded, but >= 1.15.1 is required
--- failed re-building 'Rediscover.Rmd'
SUMMARY: processing the following file failed:
'Rediscover.Rmd'
Error: Vignette re-building failed.
Execution halted
Flavors: r-devel-windows-x86_64, r-release-windows-x86_64