CRAN Package Check Results for Package ReadDIM

Last updated on 2021-07-29 07:49:45 CEST.

Flavor Version Tinstall Tcheck Ttotal Status Flags
r-devel-linux-x86_64-debian-clang 0.2.10 NOTE
r-devel-linux-x86_64-debian-gcc 0.2.10 8.40 63.87 72.27 NOTE
r-devel-linux-x86_64-fedora-clang 0.2.10 121.96 NOTE
r-devel-linux-x86_64-fedora-gcc 0.2.10 110.41 NOTE
r-devel-windows-x86_64 0.2.10 10.00 99.00 109.00 NOTE
r-devel-windows-x86_64-gcc10-UCRT 0.2.10 NOTE
r-patched-linux-x86_64 0.2.10 9.19 80.46 89.65 NOTE
r-patched-solaris-x86 0.2.10 160.30 NOTE
r-release-linux-x86_64 0.2.10 8.88 80.19 89.07 NOTE
r-release-macos-arm64 0.2.10 NOTE
r-release-macos-x86_64 0.2.10 NOTE
r-release-windows-ix86+x86_64 0.2.10 22.00 95.00 117.00 NOTE
r-oldrel-macos-x86_64 0.2.10 OK
r-oldrel-windows-ix86+x86_64 0.2.10 17.00 98.00 115.00 OK

Check Details

Version: 0.2.10
Check: LazyData
Result: NOTE
     'LazyData' is specified without a 'data' directory
Flavors: r-devel-linux-x86_64-debian-clang, r-devel-linux-x86_64-debian-gcc, r-devel-linux-x86_64-fedora-clang, r-devel-linux-x86_64-fedora-gcc, r-devel-windows-x86_64, r-devel-windows-x86_64-gcc10-UCRT, r-patched-linux-x86_64, r-patched-solaris-x86, r-release-linux-x86_64, r-release-macos-arm64, r-release-macos-x86_64, r-release-windows-ix86+x86_64