CRAN Package Check Results for Package ReacTran

Last updated on 2021-12-06 11:52:06 CET.

Flavor Version Tinstall Tcheck Ttotal Status Flags
r-devel-linux-x86_64-debian-clang 1.4.3.1 10.36 81.99 92.35 NOTE
r-devel-linux-x86_64-debian-gcc 1.4.3.1 8.38 62.75 71.13 NOTE
r-devel-linux-x86_64-fedora-clang 1.4.3.1 120.00 NOTE
r-devel-linux-x86_64-fedora-gcc 1.4.3.1 107.93 NOTE
r-devel-windows-x86_64-new-UL 1.4.3.1 24.00 139.00 163.00 NOTE
r-devel-windows-x86_64-new-TK 1.4.3.1 NOTE
r-devel-windows-x86_64-old 1.4.3.1 18.00 83.00 101.00 NOTE
r-patched-linux-x86_64 1.4.3.1 11.36 72.39 83.75 NOTE
r-release-linux-x86_64 1.4.3.1 10.90 81.14 92.04 NOTE
r-release-macos-arm64 1.4.3.1 NOTE
r-release-macos-x86_64 1.4.3.1 NOTE
r-release-windows-ix86+x86_64 1.4.3.1 24.00 116.00 140.00 NOTE
r-oldrel-macos-x86_64 1.4.3.1 OK
r-oldrel-windows-ix86+x86_64 1.4.3.1 25.00 124.00 149.00 OK

Check Details

Version: 1.4.3.1
Check: LazyData
Result: NOTE
     'LazyData' is specified without a 'data' directory
Flavors: r-devel-linux-x86_64-debian-clang, r-devel-linux-x86_64-debian-gcc, r-devel-linux-x86_64-fedora-clang, r-devel-linux-x86_64-fedora-gcc, r-devel-windows-x86_64-new-UL, r-devel-windows-x86_64-new-TK, r-devel-windows-x86_64-old, r-patched-linux-x86_64, r-release-linux-x86_64, r-release-macos-arm64, r-release-macos-x86_64, r-release-windows-ix86+x86_64