Last updated on 2022-06-30 17:49:54 CEST.
Flavor | Version | Tinstall | Tcheck | Ttotal | Status | Flags |
---|---|---|---|---|---|---|
r-devel-linux-x86_64-debian-clang | 0.1 | 24.08 | 105.81 | 129.89 | NOTE | |
r-devel-linux-x86_64-debian-gcc | 0.1 | 20.69 | 78.35 | 99.04 | NOTE | |
r-devel-linux-x86_64-fedora-clang | 0.1 | 176.22 | NOTE | |||
r-devel-linux-x86_64-fedora-gcc | 0.1 | 162.58 | NOTE | |||
r-devel-windows-x86_64 | 0.1 | 25.00 | 146.00 | 171.00 | NOTE | |
r-patched-linux-x86_64 | 0.1 | 20.14 | 98.32 | 118.46 | NOTE | |
r-release-linux-x86_64 | 0.1 | 19.00 | 97.22 | 116.22 | NOTE | |
r-release-macos-arm64 | 0.1 | 48.00 | NOTE | |||
r-release-macos-x86_64 | 0.1 | 63.00 | NOTE | |||
r-release-windows-x86_64 | 0.1 | 25.00 | 161.00 | 186.00 | NOTE | |
r-oldrel-macos-arm64 | 0.1 | 55.00 | NOTE | |||
r-oldrel-macos-x86_64 | 0.1 | 86.00 | NOTE | |||
r-oldrel-windows-ix86+x86_64 | 0.1 | 58.00 | 206.00 | 264.00 | NOTE |
Version: 0.1
Check: LazyData
Result: NOTE
'LazyData' is specified without a 'data' directory
Flavors: r-devel-linux-x86_64-debian-clang, r-devel-linux-x86_64-debian-gcc, r-devel-linux-x86_64-fedora-clang, r-devel-linux-x86_64-fedora-gcc, r-devel-windows-x86_64, r-patched-linux-x86_64, r-release-linux-x86_64, r-release-macos-arm64, r-release-macos-x86_64, r-release-windows-x86_64, r-oldrel-macos-arm64, r-oldrel-macos-x86_64, r-oldrel-windows-ix86+x86_64
Version: 0.1
Check: for non-standard things in the check directory
Result: NOTE
Found the following files/directories:
'example.pdf'
Flavors: r-devel-linux-x86_64-debian-clang, r-devel-linux-x86_64-debian-gcc, r-devel-linux-x86_64-fedora-clang, r-devel-linux-x86_64-fedora-gcc, r-patched-linux-x86_64, r-release-linux-x86_64
Version: 0.1
Check: compiled code
Result: NOTE
File ‘Rdtq/libs/Rdtq.so’:
Found no calls to: ‘R_registerRoutines’, ‘R_useDynamicSymbols’
It is good practice to register native routines and to disable symbol
search.
See ‘Writing portable packages’ in the ‘Writing R Extensions’ manual.
Flavors: r-devel-linux-x86_64-fedora-clang, r-devel-linux-x86_64-fedora-gcc