CRAN Package Check Results for Package Rcsdp

Last updated on 2023-03-30 05:49:20 CEST.

Flavor Version Tinstall Tcheck Ttotal Status Flags
r-devel-linux-x86_64-debian-clang 0.1.57.4 15.28 27.84 43.12 WARN
r-devel-linux-x86_64-debian-gcc 0.1.57.4 9.99 21.87 31.86 WARN
r-devel-linux-x86_64-fedora-clang 0.1.57.4 52.25 WARN
r-devel-linux-x86_64-fedora-gcc 0.1.57.4 54.97 WARN
r-devel-windows-x86_64 0.1.57.4 47.00 62.00 109.00 WARN
r-patched-linux-x86_64 0.1.57.4 10.28 27.38 37.66 WARN
r-release-linux-x86_64 0.1.57.4 8.32 28.44 36.76 OK
r-release-macos-arm64 0.1.57.4 26.00 OK
r-release-macos-x86_64 0.1.57.4 33.00 OK
r-release-windows-x86_64 0.1.57.4 30.00 79.00 109.00 OK
r-oldrel-macos-arm64 0.1.57.4 25.00 OK
r-oldrel-macos-x86_64 0.1.57.4 35.00 OK
r-oldrel-windows-ix86+x86_64 0.1.57.4 30.00 78.00 108.00 OK

Check Details

Version: 0.1.57.4
Check: S3 generic/method consistency
Result: WARN
    as.simple_triplet_sym_matrix:
     function(x, ...)
    as.simple_triplet_sym_matrix.dsTMatrix:
     function(x)
    
    as.simple_triplet_sym_matrix:
     function(x, ...)
    as.simple_triplet_sym_matrix.dgeMatrix:
     function(x)
    
    as.simple_triplet_sym_matrix:
     function(x, ...)
    as.simple_triplet_sym_matrix.matrix:
     function(x, check.sym)
    
    as.simple_triplet_sym_matrix:
     function(x, ...)
    as.simple_triplet_sym_matrix.dsCMatrix:
     function(x)
    
    as.simple_triplet_sym_matrix:
     function(x, ...)
    as.simple_triplet_sym_matrix.ddiMatrix:
     function(x)
    
    as.simple_triplet_sym_matrix:
     function(x, ...)
    as.simple_triplet_sym_matrix.dsyMatrix:
     function(x)
    
    as.simple_triplet_sym_matrix:
     function(x, ...)
    as.simple_triplet_sym_matrix.dpoMatrix:
     function(x)
    
    as.simple_triplet_sym_matrix:
     function(x, ...)
    as.simple_triplet_sym_matrix.dgTMatrix:
     function(x)
    See section ‘Generic functions and methods’ in the ‘Writing R
    Extensions’ manual.
Flavors: r-devel-linux-x86_64-debian-clang, r-devel-linux-x86_64-debian-gcc, r-devel-linux-x86_64-fedora-clang, r-devel-linux-x86_64-fedora-gcc, r-devel-windows-x86_64, r-patched-linux-x86_64