CRAN Package Check Results for Package Rcrawler

Last updated on 2022-07-04 05:50:15 CEST.

Flavor Version Tinstall Tcheck Ttotal Status Flags
r-devel-linux-x86_64-debian-clang 0.1.9-1 5.16 45.20 50.36 NOTE
r-devel-linux-x86_64-debian-gcc 0.1.9-1 4.68 34.41 39.09 NOTE
r-devel-linux-x86_64-fedora-clang 0.1.9-1 72.05 NOTE
r-devel-linux-x86_64-fedora-gcc 0.1.9-1 70.49 NOTE
r-devel-windows-x86_64 0.1.9-1 20.00 73.00 93.00 NOTE
r-patched-linux-x86_64 0.1.9-1 6.03 42.52 48.55 NOTE
r-release-linux-x86_64 0.1.9-1 6.73 43.38 50.11 NOTE
r-release-macos-arm64 0.1.9-1 20.00 NOTE
r-release-macos-x86_64 0.1.9-1 31.00 NOTE
r-release-windows-x86_64 0.1.9-1 19.00 72.00 91.00 NOTE
r-oldrel-macos-arm64 0.1.9-1 21.00 NOTE
r-oldrel-macos-x86_64 0.1.9-1 37.00 NOTE
r-oldrel-windows-ix86+x86_64 0.1.9-1 15.00 70.00 85.00 NOTE

Check Details

Version: 0.1.9-1
Check: LazyData
Result: NOTE
     'LazyData' is specified without a 'data' directory
Flavors: r-devel-linux-x86_64-debian-clang, r-devel-linux-x86_64-debian-gcc, r-devel-linux-x86_64-fedora-clang, r-devel-linux-x86_64-fedora-gcc, r-devel-windows-x86_64, r-patched-linux-x86_64, r-release-linux-x86_64, r-release-macos-arm64, r-release-macos-x86_64, r-release-windows-x86_64, r-oldrel-macos-arm64, r-oldrel-macos-x86_64, r-oldrel-windows-ix86+x86_64