CRAN Package Check Results for Package RcppThread

Last updated on 2022-01-23 12:59:51 CET.

Flavor Version Tinstall Tcheck Ttotal Status Flags
r-devel-linux-x86_64-debian-clang 1.0.0 1.15 59.09 60.24 NOTE
r-devel-linux-x86_64-debian-gcc 1.0.0 1.29 46.38 47.67 NOTE
r-devel-linux-x86_64-fedora-clang 1.0.0 79.79 NOTE
r-devel-linux-x86_64-fedora-gcc 1.0.0 66.17 NOTE
r-devel-windows-x86_64-new-UL 1.0.0 29.00 80.00 109.00 NOTE
r-devel-windows-x86_64-new-TK 1.0.0 NOTE
r-patched-linux-x86_64 1.0.0 1.42 52.17 53.59 NOTE
r-release-linux-x86_64 1.0.0 1.72 53.86 55.58 NOTE
r-release-macos-arm64 1.0.0 NOTE
r-release-macos-x86_64 1.0.0 NOTE
r-release-windows-ix86+x86_64 1.0.0 8.00 66.00 74.00 NOTE
r-oldrel-macos-x86_64 1.0.0 OK
r-oldrel-windows-ix86+x86_64 1.0.0 4.00 59.00 63.00 ERROR

Check Details

Version: 1.0.0
Check: LazyData
Result: NOTE
     'LazyData' is specified without a 'data' directory
Flavors: r-devel-linux-x86_64-debian-clang, r-devel-linux-x86_64-debian-gcc, r-devel-linux-x86_64-fedora-clang, r-devel-linux-x86_64-fedora-gcc, r-devel-windows-x86_64-new-UL, r-devel-windows-x86_64-new-TK, r-patched-linux-x86_64, r-release-linux-x86_64, r-release-macos-arm64, r-release-macos-x86_64, r-release-windows-ix86+x86_64

Version: 1.0.0
Check: tests
Result: ERROR
     Running 'testthat.R' [19s]
    Running the tests in 'tests/testthat.R' failed.
    Complete output:
     > library(testthat)
     > library(RcppThread)
     >
     > test_check("RcppThread")
Flavor: r-oldrel-windows-ix86+x86_64