CRAN Package Check Results for Package RcppHMM

Last updated on 2022-01-23 00:57:22 CET.

Flavor Version Tinstall Tcheck Ttotal Status Flags
r-devel-linux-x86_64-debian-clang 1.2.2 93.88 37.64 131.52 OK
r-devel-linux-x86_64-debian-gcc 1.2.2 70.65 29.17 99.82 OK
r-devel-linux-x86_64-fedora-clang 1.2.2 195.68 OK
r-devel-linux-x86_64-fedora-gcc 1.2.2 169.30 OK
r-devel-windows-x86_64-new-UL 1.2.2 88.00 84.00 172.00 OK
r-devel-windows-x86_64-new-TK 1.2.2 OK
r-patched-linux-x86_64 1.2.2 89.86 36.97 126.83 OK
r-release-linux-x86_64 1.2.2 75.32 36.57 111.89 OK
r-release-macos-arm64 1.2.2 NOTE
r-release-macos-x86_64 1.2.2 NOTE
r-release-windows-ix86+x86_64 1.2.2 227.00 77.00 304.00 OK
r-oldrel-macos-x86_64 1.2.2 NOTE
r-oldrel-windows-ix86+x86_64 1.2.2 229.00 83.00 312.00 OK

Check Details

Version: 1.2.2
Check: installed package size
Result: NOTE
     installed size is 6.3Mb
     sub-directories of 1Mb or more:
     libs 6.1Mb
Flavors: r-release-macos-arm64, r-release-macos-x86_64, r-oldrel-macos-x86_64