CRAN Package Check Results for Package RcppDist

Last updated on 2021-07-24 07:49:36 CEST.

Flavor Version Tinstall Tcheck Ttotal Status Flags
r-devel-linux-x86_64-debian-clang 0.1.1 63.86 36.73 100.59 NOTE
r-devel-linux-x86_64-debian-gcc 0.1.1 38.42 28.74 67.16 NOTE
r-devel-linux-x86_64-fedora-clang 0.1.1 132.36 NOTE
r-devel-linux-x86_64-fedora-gcc 0.1.1 119.23 NOTE
r-devel-windows-x86_64 0.1.1 51.00 62.00 113.00 NOTE
r-devel-windows-x86_64-gcc10-UCRT 0.1.1 NOTE
r-patched-linux-x86_64 0.1.1 50.05 35.71 85.76 NOTE
r-patched-solaris-x86 0.1.1 116.10 NOTE
r-release-linux-x86_64 0.1.1 46.50 35.70 82.20 NOTE
r-release-macos-arm64 0.1.1 NOTE
r-release-macos-x86_64 0.1.1 NOTE
r-release-windows-ix86+x86_64 0.1.1 131.00 84.00 215.00 NOTE
r-oldrel-macos-x86_64 0.1.1 OK
r-oldrel-windows-ix86+x86_64 0.1.1 127.00 93.00 220.00 OK

Check Details

Version: 0.1.1
Check: LazyData
Result: NOTE
     'LazyData' is specified without a 'data' directory
Flavors: r-devel-linux-x86_64-debian-clang, r-devel-linux-x86_64-debian-gcc, r-devel-linux-x86_64-fedora-clang, r-devel-linux-x86_64-fedora-gcc, r-devel-windows-x86_64, r-devel-windows-x86_64-gcc10-UCRT, r-patched-linux-x86_64, r-patched-solaris-x86, r-release-linux-x86_64, r-release-macos-arm64, r-release-macos-x86_64, r-release-windows-ix86+x86_64

Version: 0.1.1
Check: installed package size
Result: NOTE
     installed size is 5.2Mb
     sub-directories of 1Mb or more:
     libs 4.7Mb
Flavor: r-release-macos-arm64