CRAN Package Check Results for Package RcppDist

Last updated on 2022-01-27 00:50:33 CET.

Flavor Version Tinstall Tcheck Ttotal Status Flags
r-devel-linux-x86_64-debian-clang 0.1.1 46.61 45.49 92.10 NOTE
r-devel-linux-x86_64-debian-gcc 0.1.1 38.40 35.40 73.80 NOTE
r-devel-linux-x86_64-fedora-clang 0.1.1 134.54 NOTE
r-devel-linux-x86_64-fedora-gcc 0.1.1 120.23 NOTE
r-devel-windows-x86_64-new-UL 0.1.1 276.00 110.00 386.00 NOTE
r-devel-windows-x86_64-new-TK 0.1.1 NOTE
r-patched-linux-x86_64 0.1.1 47.06 41.67 88.73 NOTE
r-release-linux-x86_64 0.1.1 49.88 42.40 92.28 NOTE
r-release-macos-arm64 0.1.1 NOTE
r-release-macos-x86_64 0.1.1 NOTE
r-release-windows-ix86+x86_64 0.1.1 127.00 96.00 223.00 NOTE
r-oldrel-macos-x86_64 0.1.1 OK
r-oldrel-windows-ix86+x86_64 0.1.1 127.00 91.00 218.00 OK

Check Details

Version: 0.1.1
Check: LazyData
Result: NOTE
     'LazyData' is specified without a 'data' directory
Flavors: r-devel-linux-x86_64-debian-clang, r-devel-linux-x86_64-debian-gcc, r-devel-linux-x86_64-fedora-clang, r-devel-linux-x86_64-fedora-gcc, r-devel-windows-x86_64-new-UL, r-devel-windows-x86_64-new-TK, r-patched-linux-x86_64, r-release-linux-x86_64, r-release-macos-arm64, r-release-macos-x86_64, r-release-windows-ix86+x86_64

Version: 0.1.1
Check: installed package size
Result: NOTE
     installed size is 5.2Mb
     sub-directories of 1Mb or more:
     libs 4.7Mb
Flavor: r-release-macos-arm64