CRAN Package Check Results for Package RcppDL

Last updated on 2022-10-02 11:54:22 CEST.

Flavor Version Tinstall Tcheck Ttotal Status Flags
r-devel-linux-x86_64-debian-clang 0.0.5 59.82 53.44 113.26 OK
r-devel-linux-x86_64-debian-gcc 0.0.5 44.04 39.95 83.99 OK
r-devel-linux-x86_64-fedora-clang 0.0.5 170.43 NOTE
r-devel-linux-x86_64-fedora-gcc 0.0.5 155.43 NOTE
r-devel-windows-x86_64 0.0.5 56.00 103.00 159.00 OK
r-patched-linux-x86_64 0.0.5 45.96 53.39 99.35 OK
r-release-linux-x86_64 0.0.5 47.04 51.88 98.92 OK
r-release-macos-arm64 0.0.5 43.00 OK
r-release-macos-x86_64 0.0.5 53.00 OK
r-release-windows-x86_64 0.0.5 55.00 126.00 181.00 OK
r-oldrel-macos-arm64 0.0.5 50.00 NOTE
r-oldrel-macos-x86_64 0.0.5 71.00 OK
r-oldrel-windows-ix86+x86_64 0.0.5 136.00 159.00 295.00 OK

Check Details

Version: 0.0.5
Check: compiled code
Result: NOTE
    File ‘RcppDL/libs/RcppDL.so’:
     Found no calls to: ‘R_registerRoutines’, ‘R_useDynamicSymbols’
    
    It is good practice to register native routines and to disable symbol
    search.
    
    See ‘Writing portable packages’ in the ‘Writing R Extensions’ manual.
Flavors: r-devel-linux-x86_64-fedora-clang, r-devel-linux-x86_64-fedora-gcc

Version: 0.0.5
Check: installed package size
Result: NOTE
     installed size is 5.3Mb
     sub-directories of 1Mb or more:
     libs 5.1Mb
Flavor: r-oldrel-macos-arm64