CRAN Package Check Results for Package RcppCWB

Last updated on 2021-10-20 04:55:31 CEST.

Flavor Version Tinstall Tcheck Ttotal Status Flags
r-devel-linux-x86_64-debian-clang 0.4.3 52.68 32.95 85.63 OK
r-devel-linux-x86_64-debian-gcc 0.4.3 38.57 25.86 64.43 OK
r-devel-linux-x86_64-fedora-clang 0.4.3 137.10 OK
r-devel-linux-x86_64-fedora-gcc 0.4.3 117.01 OK
r-devel-windows-x86_64 0.4.3 53.00 77.00 130.00 NOTE
r-devel-windows-x86_64-gcc10-UCRT 0.4.3 NOTE
r-patched-linux-x86_64 0.4.3 48.28 31.88 80.16 OK
r-patched-solaris-x86 0.4.3 147.10 OK
r-release-linux-x86_64 0.4.3 48.12 32.45 80.57 OK
r-release-macos-arm64 0.4.3 NOTE
r-release-macos-x86_64 0.4.3 NOTE
r-release-windows-ix86+x86_64 0.4.3 75.00 95.00 170.00 NOTE
r-oldrel-macos-x86_64 0.4.3 NOTE
r-oldrel-windows-ix86+x86_64 0.4.3 94.00 105.00 199.00 NOTE

Check Details

Version: 0.4.3
Check: installed package size
Result: NOTE
     installed size is 5.3Mb
     sub-directories of 1Mb or more:
     extdata 1.8Mb
     libs 3.3Mb
Flavors: r-devel-windows-x86_64, r-release-macos-arm64, r-release-macos-x86_64, r-release-windows-ix86+x86_64, r-oldrel-macos-x86_64, r-oldrel-windows-ix86+x86_64

Version: 0.4.3
Check: for GNU extensions in Makefiles
Result: NOTE
    GNU make is a SystemRequirements.
Flavor: r-devel-windows-x86_64-gcc10-UCRT