CRAN Package Check Results for Package RcppCNPy

Last updated on 2022-01-27 12:54:00 CET.

Flavor Version Tinstall Tcheck Ttotal Status Flags
r-devel-linux-x86_64-debian-clang 0.2.10 22.64 65.35 87.99 OK
r-devel-linux-x86_64-debian-gcc 0.2.10 15.08 51.51 66.59 OK
r-devel-linux-x86_64-fedora-clang 0.2.10 99.89 WARN
r-devel-linux-x86_64-fedora-gcc 0.2.10 82.12 WARN
r-devel-windows-x86_64-new-UL 0.2.10 40.00 196.00 236.00 OK
r-devel-windows-x86_64-new-TK 0.2.10 OK
r-patched-linux-x86_64 0.2.10 20.35 66.07 86.42 OK
r-release-linux-x86_64 0.2.10 18.65 66.60 85.25 OK
r-release-macos-arm64 0.2.10 OK
r-release-macos-x86_64 0.2.10 OK
r-release-windows-ix86+x86_64 0.2.10 53.00 118.00 171.00 OK
r-oldrel-macos-x86_64 0.2.10 OK
r-oldrel-windows-ix86+x86_64 0.2.10 53.00 118.00 171.00 OK

Check Details

Version: 0.2.10
Check: top-level files
Result: NOTE
    ‘cleanup’: /bin/bash is not portable
Flavors: r-devel-linux-x86_64-fedora-clang, r-devel-linux-x86_64-fedora-gcc

Version: 0.2.10
Check: re-building of vignette outputs
Result: WARN
    Error(s) in re-building vignettes:
    --- re-building ‘RcppCNPy-intro.Rmd’ using rmarkdown
    ! LaTeX Error: File `lettrine.sty' not found.
    
    ! Emergency stop.
    <read *>
    
    Error: processing vignette 'RcppCNPy-intro.Rmd' failed with diagnostics:
    LaTeX failed to compile /data/gannet/ripley/R/packages/tests-clang/RcppCNPy.Rcheck/vign_test/RcppCNPy/vignettes/RcppCNPy-intro.tex. See https://yihui.org/tinytex/r/#debugging for debugging tips. See RcppCNPy-intro.log for more info.
    --- failed re-building ‘RcppCNPy-intro.Rmd’
    
    --- re-building ‘UsingReticulate.Rmd’ using rmarkdown
    ! LaTeX Error: File `lettrine.sty' not found.
    
    ! Emergency stop.
    <read *>
    
    Error: processing vignette 'UsingReticulate.Rmd' failed with diagnostics:
    LaTeX failed to compile /data/gannet/ripley/R/packages/tests-clang/RcppCNPy.Rcheck/vign_test/RcppCNPy/vignettes/UsingReticulate.tex. See https://yihui.org/tinytex/r/#debugging for debugging tips. See UsingReticulate.log for more info.
    --- failed re-building ‘UsingReticulate.Rmd’
    
    SUMMARY: processing the following files failed:
     ‘RcppCNPy-intro.Rmd’ ‘UsingReticulate.Rmd’
    
    Error: Vignette re-building failed.
    Execution halted
Flavor: r-devel-linux-x86_64-fedora-clang

Version: 0.2.10
Check: re-building of vignette outputs
Result: WARN
    Error(s) in re-building vignettes:
    --- re-building ‘RcppCNPy-intro.Rmd’ using rmarkdown
    ! LaTeX Error: File `lettrine.sty' not found.
    
    ! Emergency stop.
    <read *>
    
    Error: processing vignette 'RcppCNPy-intro.Rmd' failed with diagnostics:
    LaTeX failed to compile /data/gannet/ripley/R/packages/tests-devel/RcppCNPy.Rcheck/vign_test/RcppCNPy/vignettes/RcppCNPy-intro.tex. See https://yihui.org/tinytex/r/#debugging for debugging tips. See RcppCNPy-intro.log for more info.
    --- failed re-building ‘RcppCNPy-intro.Rmd’
    
    --- re-building ‘UsingReticulate.Rmd’ using rmarkdown
    ! LaTeX Error: File `lettrine.sty' not found.
    
    ! Emergency stop.
    <read *>
    
    Error: processing vignette 'UsingReticulate.Rmd' failed with diagnostics:
    LaTeX failed to compile /data/gannet/ripley/R/packages/tests-devel/RcppCNPy.Rcheck/vign_test/RcppCNPy/vignettes/UsingReticulate.tex. See https://yihui.org/tinytex/r/#debugging for debugging tips. See UsingReticulate.log for more info.
    --- failed re-building ‘UsingReticulate.Rmd’
    
    SUMMARY: processing the following files failed:
     ‘RcppCNPy-intro.Rmd’ ‘UsingReticulate.Rmd’
    
    Error: Vignette re-building failed.
    Execution halted
Flavor: r-devel-linux-x86_64-fedora-gcc