CRAN Package Check Results for Package RcppArmadillo

Last updated on 2021-11-28 11:48:55 CET.

Flavor Version Tinstall Tcheck Ttotal Status Flags
r-devel-linux-x86_64-debian-clang 0.10.7.3.0 OK
r-devel-linux-x86_64-debian-gcc 0.10.7.3.0 32.23 35.24 67.47 OK
r-devel-linux-x86_64-fedora-clang 0.10.7.3.0 146.10 NOTE
r-devel-linux-x86_64-fedora-gcc 0.10.7.3.0 120.51 OK
r-devel-windows-x86_64-new-UL 0.10.7.3.0 98.00 364.00 462.00 NOTE
r-devel-windows-x86_64-new-TK 0.10.7.3.0 OK
r-devel-windows-x86_64-old 0.10.7.3.0 48.00 234.00 282.00 NOTE
r-patched-linux-x86_64 0.10.7.3.0 39.39 43.44 82.83 OK
r-patched-solaris-x86 0.10.7.3.0 270.50 NOTE
r-release-linux-x86_64 0.10.7.3.0 41.47 43.38 84.85 OK
r-release-macos-arm64 0.10.7.3.0 NOTE
r-release-macos-x86_64 0.10.7.3.0 NOTE
r-release-windows-ix86+x86_64 0.10.7.3.0 126.00 365.00 491.00 NOTE
r-oldrel-macos-x86_64 0.10.7.3.0 NOTE
r-oldrel-windows-ix86+x86_64 0.10.7.3.0 89.00 381.00 470.00 NOTE

Check Details

Version: 0.10.7.3.0
Check: installed package size
Result: NOTE
     installed size is 8.7Mb
     sub-directories of 1Mb or more:
     include 6.3Mb
     libs 1.6Mb
Flavors: r-devel-linux-x86_64-fedora-clang, r-devel-windows-x86_64-new-UL, r-devel-windows-x86_64-old, r-patched-solaris-x86, r-release-macos-arm64, r-release-macos-x86_64, r-release-windows-ix86+x86_64, r-oldrel-macos-x86_64, r-oldrel-windows-ix86+x86_64