Last updated on 2023-03-24 04:52:37 CET.
Flavor | Version | Tinstall | Tcheck | Ttotal | Status | Flags |
---|---|---|---|---|---|---|
r-devel-linux-x86_64-debian-clang | 0.12.0.1.0 | 48.84 | 304.22 | 353.06 | OK | |
r-devel-linux-x86_64-debian-gcc | 0.12.0.1.0 | 37.08 | 214.41 | 251.49 | OK | |
r-devel-linux-x86_64-fedora-clang | 0.12.0.1.0 | 458.61 | NOTE | |||
r-devel-linux-x86_64-fedora-gcc | 0.12.0.1.0 | 430.24 | OK | |||
r-devel-windows-x86_64 | 0.12.0.1.0 | 739.00 | 386.00 | 1125.00 | NOTE | |
r-patched-linux-x86_64 | 0.12.0.1.0 | 42.74 | 261.54 | 304.28 | OK | |
r-release-linux-x86_64 | 0.12.0.1.0 | 36.70 | 262.01 | 298.71 | OK | |
r-release-macos-arm64 | 0.12.0.1.0 | 98.00 | NOTE | |||
r-release-macos-x86_64 | 0.12.0.1.0 | 182.00 | NOTE | |||
r-release-windows-x86_64 | 0.12.0.1.0 | 1010.00 | 382.00 | 1392.00 | NOTE | |
r-oldrel-macos-arm64 | 0.12.0.1.0 | 93.00 | NOTE | |||
r-oldrel-macos-x86_64 | 0.12.0.1.0 | 197.00 | NOTE | |||
r-oldrel-windows-ix86+x86_64 | 0.12.0.1.0 | 122.00 | 558.00 | 680.00 | NOTE |
Version: 0.12.0.1.0
Check: installed package size
Result: NOTE
installed size is 7.5Mb
sub-directories of 1Mb or more:
include 6.4Mb
Flavors: r-devel-linux-x86_64-fedora-clang, r-devel-windows-x86_64, r-release-macos-arm64, r-release-macos-x86_64, r-release-windows-x86_64, r-oldrel-macos-arm64, r-oldrel-macos-x86_64, r-oldrel-windows-ix86+x86_64