Last updated on 2023-02-02 16:54:09 CET.
Flavor | Version | Tinstall | Tcheck | Ttotal | Status | Flags |
---|---|---|---|---|---|---|
r-devel-linux-x86_64-debian-clang | 1.0.10 | 67.11 | 82.56 | 149.67 | OK | |
r-devel-linux-x86_64-debian-gcc | 1.0.10 | 38.94 | 63.32 | 102.26 | OK | |
r-devel-linux-x86_64-fedora-clang | 1.0.10 | 207.03 | NOTE | |||
r-devel-linux-x86_64-fedora-gcc | 1.0.10 | 193.94 | NOTE | |||
r-patched-linux-x86_64 | 1.0.10 | 46.39 | 79.28 | 125.67 | OK | |
r-release-linux-x86_64 | 1.0.10 | 53.23 | 76.65 | 129.88 | OK | |
r-release-macos-arm64 | 1.0.10 | 66.00 | NOTE | |||
r-release-macos-x86_64 | 1.0.10 | 117.00 | NOTE | |||
r-release-windows-x86_64 | 1.0.10 | 634.00 | 261.00 | 895.00 | NOTE | |
r-oldrel-macos-arm64 | 1.0.10 | 66.00 | NOTE | |||
r-oldrel-macos-x86_64 | 1.0.10 | 119.00 | NOTE | |||
r-oldrel-windows-ix86+x86_64 | 1.0.10 | 6.00 | 18.00 | 24.00 | ERROR |
Version: 1.0.10
Check: installed package size
Result: NOTE
installed size is 10.2Mb
sub-directories of 1Mb or more:
doc 1.1Mb
include 6.4Mb
tinytest 1.0Mb
Flavors: r-devel-linux-x86_64-fedora-clang, r-release-macos-arm64, r-release-macos-x86_64, r-release-windows-x86_64, r-oldrel-macos-arm64, r-oldrel-macos-x86_64
Version: 1.0.10
Check: foreign function calls
Result: NOTE
Registration problem:
symbol ‘symbol’ in the local frame:
.Call(symbol)
See chapter ‘System and foreign language interfaces’ in the ‘Writing R
Extensions’ manual.
Flavors: r-devel-linux-x86_64-fedora-clang, r-devel-linux-x86_64-fedora-gcc
Version: 1.0.10
Check: whether package can be installed
Result: ERROR
Installation failed.
Flavor: r-oldrel-windows-ix86+x86_64