CRAN Package Check Results for Package RcmdrPlugin.temis

Last updated on 2021-09-20 16:50:54 CEST.

Flavor Version Tinstall Tcheck Ttotal Status Flags
r-devel-linux-x86_64-debian-clang 0.7.10 27.94 172.29 200.23 NOTE
r-devel-linux-x86_64-debian-gcc 0.7.10 21.08 127.78 148.86 NOTE
r-devel-linux-x86_64-fedora-clang 0.7.10 258.85 NOTE
r-devel-linux-x86_64-fedora-gcc 0.7.10 252.01 NOTE
r-devel-windows-x86_64 0.7.10 24.00 156.00 180.00 NOTE
r-devel-windows-x86_64-gcc10-UCRT 0.7.10 ERROR
r-patched-linux-x86_64 0.7.10 34.05 163.16 197.21 NOTE
r-patched-solaris-x86 0.7.10 345.80 NOTE
r-release-linux-x86_64 0.7.10 25.70 163.73 189.43 NOTE
r-release-macos-arm64 0.7.10 NOTE
r-release-macos-x86_64 0.7.10 NOTE
r-release-windows-ix86+x86_64 0.7.10 50.00 178.00 228.00 NOTE
r-oldrel-macos-x86_64 0.7.10 NOTE
r-oldrel-windows-ix86+x86_64 0.7.10 49.00 146.00 195.00 NOTE

Check Details

Version: 0.7.10
Check: package dependencies
Result: NOTE
    Package suggested but not available for checking: 'ROpenOffice'
Flavors: r-devel-linux-x86_64-debian-clang, r-devel-linux-x86_64-debian-gcc, r-devel-linux-x86_64-fedora-clang, r-devel-linux-x86_64-fedora-gcc, r-devel-windows-x86_64, r-patched-linux-x86_64, r-patched-solaris-x86, r-release-linux-x86_64, r-release-macos-x86_64, r-release-windows-ix86+x86_64, r-oldrel-macos-x86_64, r-oldrel-windows-ix86+x86_64

Version: 0.7.10
Check: package dependencies
Result: NOTE
    Packages suggested but not available for checking:
     'ROpenOffice', 'tm.plugin.europresse'
Flavor: r-devel-windows-x86_64-gcc10-UCRT

Version: 0.7.10
Check: whether package can be installed
Result: WARN
    Found the following significant warnings:
     WARNING: installation-time patches will not be applied, could not get the patches index
Flavor: r-devel-windows-x86_64-gcc10-UCRT

Version: 0.7.10
Check: PDF version of manual
Result: WARN
    LaTeX errors when creating PDF version.
    This typically indicates Rd problems.
Flavor: r-devel-windows-x86_64-gcc10-UCRT

Version: 0.7.10
Check: PDF version of manual without hyperrefs or index
Result: ERROR
    Re-running with no redirection of stdout/stderr.
Flavor: r-devel-windows-x86_64-gcc10-UCRT

Version: 0.7.10
Check: package dependencies
Result: NOTE
    Packages suggested but not available for checking: 'ROpenOffice', 'RODBC'
Flavor: r-release-macos-arm64