CRAN Package Check Results for Package RcmdrPlugin.lfstat

Last updated on 2021-09-21 16:51:44 CEST.

Flavor Version Tinstall Tcheck Ttotal Status Flags
r-devel-linux-x86_64-debian-clang 0.8.3 19.32 141.24 160.56 OK
r-devel-linux-x86_64-debian-gcc 0.8.3 16.22 107.89 124.11 OK
r-devel-linux-x86_64-fedora-clang 0.8.3 208.39 OK
r-devel-linux-x86_64-fedora-gcc 0.8.3 200.92 OK
r-devel-windows-x86_64 0.8.3 20.00 124.00 144.00 OK
r-devel-windows-x86_64-gcc10-UCRT 0.8.3 ERROR
r-patched-linux-x86_64 0.8.3 18.41 134.40 152.81 OK
r-patched-solaris-x86 0.8.3 308.00 OK
r-release-linux-x86_64 0.8.3 17.74 135.44 153.18 OK
r-release-macos-arm64 0.8.3 OK
r-release-macos-x86_64 0.8.3 OK
r-release-windows-ix86+x86_64 0.8.3 40.00 160.00 200.00 OK
r-oldrel-macos-x86_64 0.8.3 OK
r-oldrel-windows-ix86+x86_64 0.8.3 39.00 122.00 161.00 OK

Check Details

Version: 0.8.3
Check: whether package can be installed
Result: WARN
    Found the following significant warnings:
     WARNING: installation-time patches will not be applied, could not get the patches index
Flavor: r-devel-windows-x86_64-gcc10-UCRT

Version: 0.8.3
Check: PDF version of manual
Result: WARN
    LaTeX errors when creating PDF version.
    This typically indicates Rd problems.
Flavor: r-devel-windows-x86_64-gcc10-UCRT

Version: 0.8.3
Check: PDF version of manual without hyperrefs or index
Result: ERROR
    Re-running with no redirection of stdout/stderr.
Flavor: r-devel-windows-x86_64-gcc10-UCRT