CRAN Package Check Results for Package RcmdrPlugin.RiskDemo

Last updated on 2021-09-26 16:49:25 CEST.

Flavor Version Tinstall Tcheck Ttotal Status Flags
r-devel-linux-x86_64-debian-clang 3.0 29.43 209.69 239.12 OK
r-devel-linux-x86_64-debian-gcc 3.0 24.17 159.38 183.55 OK
r-devel-linux-x86_64-fedora-clang 3.0 306.72 OK
r-devel-linux-x86_64-fedora-gcc 3.0 302.05 OK
r-devel-windows-x86_64 3.0 30.00 173.00 203.00 OK
r-devel-windows-x86_64-gcc10-UCRT 3.0 OK
r-patched-linux-x86_64 3.0 27.78 199.44 227.22 OK
r-patched-solaris-x86 3.0 466.70 NOTE
r-release-linux-x86_64 3.0 28.15 200.59 228.74 OK
r-release-macos-arm64 3.0 OK
r-release-macos-x86_64 3.0 OK
r-release-windows-ix86+x86_64 3.0 58.00 231.00 289.00 OK
r-oldrel-macos-x86_64 3.0 OK
r-oldrel-windows-ix86+x86_64 3.0 40.00 177.00 217.00 OK

Check Details

Version: 3.0
Check: installed package size
Result: NOTE
     installed size is 5.0Mb
     sub-directories of 1Mb or more:
     data 4.5Mb
Flavor: r-patched-solaris-x86