CRAN Package Check Results for Package RcmdrPlugin.RMTCJags

Last updated on 2021-09-21 16:51:44 CEST.

Flavor Version Tinstall Tcheck Ttotal Status Flags
r-devel-linux-x86_64-debian-clang 1.0-2 17.57 123.73 141.30 OK
r-devel-linux-x86_64-debian-gcc 1.0-2 14.25 94.76 109.01 OK
r-devel-linux-x86_64-fedora-clang 1.0-2 185.23 OK
r-devel-linux-x86_64-fedora-gcc 1.0-2 170.38 OK
r-devel-windows-x86_64 1.0-2 15.00 104.00 119.00 OK
r-devel-windows-x86_64-gcc10-UCRT 1.0-2 ERROR
r-patched-linux-x86_64 1.0-2 16.43 117.92 134.35 OK
r-patched-solaris-x86 1.0-2 312.40 OK
r-release-linux-x86_64 1.0-2 15.86 116.33 132.19 OK
r-release-macos-arm64 1.0-2 OK
r-release-macos-x86_64 1.0-2 OK
r-release-windows-ix86+x86_64 1.0-2 38.00 139.00 177.00 OK
r-oldrel-macos-x86_64 1.0-2 OK
r-oldrel-windows-ix86+x86_64 1.0-2 37.00 103.00 140.00 OK

Check Details

Version: 1.0-2
Check: whether package can be installed
Result: WARN
    Found the following significant warnings:
     WARNING: installation-time patches will not be applied, could not get the patches index
Flavor: r-devel-windows-x86_64-gcc10-UCRT

Version: 1.0-2
Check: PDF version of manual
Result: WARN
    LaTeX errors when creating PDF version.
    This typically indicates Rd problems.
Flavor: r-devel-windows-x86_64-gcc10-UCRT

Version: 1.0-2
Check: PDF version of manual without hyperrefs or index
Result: ERROR
    Re-running with no redirection of stdout/stderr.
Flavor: r-devel-windows-x86_64-gcc10-UCRT