CRAN Package Check Results for Package RcmdrPlugin.FuzzyClust

Last updated on 2021-09-26 16:49:25 CEST.

Flavor Version Tinstall Tcheck Ttotal Status Flags
r-devel-linux-x86_64-debian-clang 1.1 19.23 162.38 181.61 NOTE
r-devel-linux-x86_64-debian-gcc 1.1 15.22 122.50 137.72 NOTE
r-devel-linux-x86_64-fedora-clang 1.1 232.34 NOTE
r-devel-linux-x86_64-fedora-gcc 1.1 217.82 NOTE
r-devel-windows-x86_64 1.1 17.00 142.00 159.00 NOTE
r-devel-windows-x86_64-gcc10-UCRT 1.1 NOTE
r-patched-linux-x86_64 1.1 16.58 152.57 169.15 NOTE
r-patched-solaris-x86 1.1 364.30 NOTE
r-release-linux-x86_64 1.1 18.04 153.46 171.50 NOTE
r-release-macos-arm64 1.1 NOTE
r-release-macos-x86_64 1.1 WARN
r-release-windows-ix86+x86_64 1.1 40.00 192.00 232.00 NOTE
r-oldrel-macos-x86_64 1.1 WARN
r-oldrel-windows-ix86+x86_64 1.1 26.00 139.00 165.00 NOTE

Check Details

Version: 1.1
Check: R code for possible problems
Result: NOTE
    managedata: no visible binding for global variable 'data'
    Undefined global functions or variables:
     data
    Consider adding
     importFrom("utils", "data")
    to your NAMESPACE file.
Flavors: r-devel-linux-x86_64-debian-clang, r-devel-linux-x86_64-debian-gcc, r-devel-linux-x86_64-fedora-clang, r-devel-linux-x86_64-fedora-gcc, r-devel-windows-x86_64, r-devel-windows-x86_64-gcc10-UCRT, r-patched-linux-x86_64, r-patched-solaris-x86, r-release-linux-x86_64, r-release-macos-arm64, r-release-macos-x86_64, r-release-windows-ix86+x86_64, r-oldrel-macos-x86_64, r-oldrel-windows-ix86+x86_64

Version: 1.1
Check: re-building of vignette outputs
Result: WARN
    Error(s) in re-building vignettes:
     ...
    --- re-building ‘fuzzyrcmdrplugin.Rmd’ using rmarkdown
    Warning in engine$weave(file, quiet = quiet, encoding = enc) :
     Pandoc (>= 1.12.3) not available. Falling back to R Markdown v1.
    Quitting from lines 47-48 (fuzzyrcmdrplugin.Rmd)
    Error: processing vignette 'fuzzyrcmdrplugin.Rmd' failed with diagnostics:
    Cluster setup failed. 1 worker of 1 failed to connect.
    --- failed re-building ‘fuzzyrcmdrplugin.Rmd’
    
    SUMMARY: processing the following file failed:
     ‘fuzzyrcmdrplugin.Rmd’
    
    Error: Vignette re-building failed.
    Execution halted
Flavor: r-release-macos-x86_64

Version: 1.1
Check: re-building of vignette outputs
Result: WARN
    Error(s) in re-building vignettes:
     ...
    --- re-building ‘fuzzyrcmdrplugin.Rmd’ using rmarkdown
    Warning in engine$weave(file, quiet = quiet, encoding = enc) :
     Pandoc (>= 1.12.3) and/or pandoc-citeproc not available. Falling back to R Markdown v1.
    Quitting from lines 47-48 (fuzzyrcmdrplugin.Rmd)
    Error: processing vignette 'fuzzyrcmdrplugin.Rmd' failed with diagnostics:
    Cluster setup failed. 1 worker of 1 failed to connect.
    --- failed re-building ‘fuzzyrcmdrplugin.Rmd’
    
    SUMMARY: processing the following file failed:
     ‘fuzzyrcmdrplugin.Rmd’
    
    Error: Vignette re-building failed.
    Execution halted
Flavor: r-oldrel-macos-x86_64