CRAN Package Check Results for Package RcmdrPlugin.EACSPIR

Last updated on 2021-09-21 16:51:44 CEST.

Flavor Version Tinstall Tcheck Ttotal Status Flags
r-devel-linux-x86_64-debian-clang 0.2-2 24.20 158.14 182.34 NOTE
r-devel-linux-x86_64-debian-gcc 0.2-2 19.92 117.33 137.25 NOTE
r-devel-linux-x86_64-fedora-clang 0.2-2 234.18 NOTE
r-devel-linux-x86_64-fedora-gcc 0.2-2 219.44 NOTE
r-devel-windows-x86_64 0.2-2 22.00 120.00 142.00 NOTE
r-devel-windows-x86_64-gcc10-UCRT 0.2-2 ERROR
r-patched-linux-x86_64 0.2-2 23.35 150.52 173.87 NOTE
r-patched-solaris-x86 0.2-2 328.90 NOTE
r-release-linux-x86_64 0.2-2 24.29 147.98 172.27 NOTE
r-release-macos-arm64 0.2-2 NOTE
r-release-macos-x86_64 0.2-2 NOTE
r-release-windows-ix86+x86_64 0.2-2 47.00 174.00 221.00 NOTE
r-oldrel-macos-x86_64 0.2-2 NOTE
r-oldrel-windows-ix86+x86_64 0.2-2 48.00 126.00 174.00 NOTE

Check Details

Version: 0.2-2
Check: R code for possible problems
Result: NOTE
    TWfun: no visible global function definition for 'na.omit'
    UMWfun: no visible global function definition for 'na.omit'
    apuntfun: no visible global function definition for 'na.omit'
    apuntfun: no visible global function definition for 'sd'
    apuntfun: no visible global function definition for 'pnorm'
    avar.MR : onOK: no visible global function definition for 'dev.print'
    avar.MR : onOK: no visible binding for global variable 'jpeg'
    barragfun: no visible global function definition for 'box'
    barras.agrupadas : onOK: no visible global function definition for
     'dev.print'
    barras.agrupadas : onOK: no visible binding for global variable 'jpeg'
    bivcat: no visible global function definition for 'chisq.test'
    bivnum: no visible global function definition for 'cov'
    bivnum: no visible global function definition for 'cor'
    bpfun: no visible global function definition for 'boxplot.stats'
    bpfun: no visible global function definition for 'boxplot'
    bpfun: no visible global function definition for 'points'
    bpfun: no visible global function definition for 'identify'
    diagrama.caja : onOK: no visible global function definition for
     'dev.print'
    diagrama.caja : onOK: no visible binding for global variable 'jpeg'
    diagrama.caja.ord : onOK: no visible global function definition for
     'dev.print'
    diagrama.caja.ord : onOK: no visible binding for global variable 'jpeg'
    dispersion.numericas : onOK: no visible global function definition for
     'dev.print'
    dispersion.numericas : onOK: no visible binding for global variable
     'jpeg'
    dispersion.ordinales : onOK: no visible global function definition for
     'dev.print'
    dispersion.ordinales : onOK: no visible binding for global variable
     'jpeg'
    dispnumfun: no visible global function definition for 'par'
    dispnumfun: no visible global function definition for 'hist'
    dispnumfun: no visible global function definition for 'layout'
    dispnumfun: no visible global function definition for 'box'
    dispnumfun: no visible global function definition for 'barplot'
    dispnumfun: no visible global function definition for 'title'
    dispordfun: no visible global function definition for 'par'
    dispordfun: no visible global function definition for 'layout'
    dispordfun: no visible global function definition for 'box'
    formafun: no visible global function definition for 'na.omit'
    formafun: no visible global function definition for 'sd'
    formafun: no visible global function definition for 'pnorm'
    grafico.Pareto : onOK: no visible global function definition for
     'dev.print'
    grafico.Pareto : onOK: no visible binding for global variable 'jpeg'
    grafico.mosaico : onOK: no visible global function definition for
     'dev.print'
    grafico.mosaico : onOK: no visible binding for global variable 'jpeg'
    histfun: no visible global function definition for 'dnorm'
    histfun: no visible global function definition for 'sd'
    histfun: no visible global function definition for 'hist'
    histfun: no visible global function definition for 'na.omit'
    histfun: no visible global function definition for 'lines'
    histfun: no visible global function definition for 'box'
    histograma : onOK: no visible global function definition for
     'dev.print'
    histograma : onOK: no visible binding for global variable 'jpeg'
    mosaicofun: no visible global function definition for 'mosaicplot'
    mosaicofun: no visible global function definition for 'box'
    normgrfun: no visible global function definition for 'par'
    normgrfun: no visible global function definition for 'na.omit'
    normgrfun: no visible global function definition for 'density'
    normgrfun: no visible global function definition for 'box'
    normgrfun: no visible global function definition for 'hist'
    normgrfun: no visible global function definition for 'dnorm'
    normgrfun: no visible global function definition for 'sd'
    normgrfun: no visible global function definition for 'lines'
    normgrfun: no visible global function definition for 'qqnorm'
    normgrfun: no visible global function definition for 'abline'
    normgrfun: no visible global function definition for 'pnorm'
    normgrfun: no visible global function definition for 'ecdf'
    numindices : mediana: no visible global function definition for
     'median'
    numindices : trimedia: no visible global function definition for
     'fivenum'
    numindices : promcuar: no visible global function definition for
     'quantile'
    numindices : midR: no visible global function definition for 'quantile'
    numindices : variancia: no visible global function definition for 'var'
    numindices : dt: no visible global function definition for 'sd'
    numindices : dtgeom: no visible global function definition for 'sd'
    numindices : desvmed: no visible global function definition for
     'na.omit'
    numindices : CV: no visible global function definition for 'sd'
    numindices : rango: no visible global function definition for
     'quantile'
    numindices : iqr: no visible global function definition for 'quantile'
    numindices : mad: no visible global function definition for 'median'
    numindices : cvr: no visible global function definition for 'fivenum'
    numindices : desvcuar: no visible global function definition for
     'quantile'
    numindices : acent: no visible global function definition for
     'quantile'
    numindices : q1: no visible global function definition for 'quantile'
    numindices : q2: no visible global function definition for 'quantile'
    numindices : q3: no visible global function definition for 'quantile'
    numindices : pct: no visible global function definition for 'quantile'
    numindices : h1: no visible global function definition for 'fivenum'
    numindices : h3: no visible global function definition for 'quantile'
    numindices : h3: no visible global function definition for 'fivenum'
    numindices : k2: no visible global function definition for 'quantile'
    numindices : k3: no visible global function definition for 'quantile'
    numindices : k3: no visible global function definition for 'fivenum'
    numindices : beta1: no visible global function definition for 'na.omit'
    numindices : gamma1: no visible global function definition for 'sd'
    numindices : gamma1: no visible global function definition for
     'na.omit'
    numindices : beta2: no visible global function definition for 'na.omit'
    numindices : gamma2: no visible global function definition for 'sd'
    numindices : gamma2: no visible global function definition for
     'na.omit'
    ordindices : mediana: no visible global function definition for
     'median'
    ordindices : trimedia: no visible global function definition for
     'fivenum'
    ordindices : promcuar: no visible global function definition for
     'quantile'
    ordindices : midR: no visible global function definition for 'quantile'
    ordindices : rango: no visible global function definition for
     'quantile'
    ordindices : iqr: no visible global function definition for 'quantile'
    ordindices : mad: no visible global function definition for 'median'
    ordindices : cvr: no visible global function definition for 'fivenum'
    ordindices : desvcuar: no visible global function definition for
     'quantile'
    ordindices : acent: no visible global function definition for
     'quantile'
    ordindices : q1: no visible global function definition for 'quantile'
    ordindices : q2: no visible global function definition for 'quantile'
    ordindices : q3: no visible global function definition for 'quantile'
    ordindices : pct: no visible global function definition for 'quantile'
    ordindices : h1: no visible global function definition for 'fivenum'
    ordindices : h3: no visible global function definition for 'quantile'
    ordindices : h3: no visible global function definition for 'fivenum'
    ordindices : k2: no visible global function definition for 'quantile'
    ordindices : k3: no visible global function definition for 'quantile'
    ordindices : k3: no visible global function definition for 'fivenum'
    pareto: no visible global function definition for 'par'
    pareto: no visible global function definition for 'barplot'
    pareto: no visible global function definition for 'heat.colors'
    pareto: no visible global function definition for 'lines'
    pareto: no visible global function definition for 'box'
    pareto: no visible global function definition for 'axis'
    pareto: no visible global function definition for 'mtext'
    pruebas.normalidad : onOK: no visible global function definition for
     'dev.print'
    pruebas.normalidad : onOK: no visible binding for global variable
     'jpeg'
    tam.muestra: no visible global function definition for 'qnorm'
    winvar: no visible global function definition for 'var'
    yuen.test: no visible global function definition for 'qt'
    yuen.test: no visible global function definition for 'pt'
    Undefined global functions or variables:
     abline axis barplot box boxplot boxplot.stats chisq.test cor cov
     density dev.print dnorm ecdf fivenum heat.colors hist identify jpeg
     layout lines median mosaicplot mtext na.omit par pnorm points pt
     qnorm qqnorm qt quantile sd title var
    Consider adding
     importFrom("grDevices", "boxplot.stats", "dev.print", "heat.colors",
     "jpeg")
     importFrom("graphics", "abline", "axis", "barplot", "box", "boxplot",
     "hist", "identify", "layout", "lines", "mosaicplot",
     "mtext", "par", "points", "title")
     importFrom("stats", "chisq.test", "cor", "cov", "density", "dnorm",
     "ecdf", "fivenum", "median", "na.omit", "pnorm", "pt",
     "qnorm", "qqnorm", "qt", "quantile", "sd", "var")
    to your NAMESPACE file.
Flavors: r-devel-linux-x86_64-debian-clang, r-devel-linux-x86_64-debian-gcc, r-devel-linux-x86_64-fedora-clang, r-devel-linux-x86_64-fedora-gcc, r-devel-windows-x86_64, r-devel-windows-x86_64-gcc10-UCRT, r-patched-linux-x86_64, r-patched-solaris-x86, r-release-linux-x86_64, r-release-macos-arm64, r-release-macos-x86_64, r-release-windows-ix86+x86_64, r-oldrel-macos-x86_64, r-oldrel-windows-ix86+x86_64

Version: 0.2-2
Check: whether package can be installed
Result: WARN
    Found the following significant warnings:
     WARNING: installation-time patches will not be applied, could not get the patches index
Flavor: r-devel-windows-x86_64-gcc10-UCRT

Version: 0.2-2
Check: PDF version of manual
Result: WARN
    LaTeX errors when creating PDF version.
    This typically indicates Rd problems.
Flavor: r-devel-windows-x86_64-gcc10-UCRT

Version: 0.2-2
Check: PDF version of manual without hyperrefs or index
Result: ERROR
    Re-running with no redirection of stdout/stderr.
Flavor: r-devel-windows-x86_64-gcc10-UCRT