CRAN Package Check Results for Package Rcatch22

Last updated on 2022-10-04 11:50:20 CEST.

Flavor Version Tinstall Tcheck Ttotal Status Flags
r-devel-linux-x86_64-debian-clang 0.2.1 26.95 39.36 66.31 OK
r-devel-linux-x86_64-debian-gcc 0.2.1 19.34 30.43 49.77 OK
r-devel-linux-x86_64-fedora-clang 0.2.1 101.61 NOTE
r-devel-linux-x86_64-fedora-gcc 0.2.1 93.19 NOTE
r-devel-windows-x86_64 0.2.1 50.00 103.00 153.00 OK
r-patched-linux-x86_64 0.2.1 20.82 37.84 58.66 OK
r-release-linux-x86_64 0.2.1 17.84 37.55 55.39 OK
r-release-macos-arm64 0.2.1 29.00 NOTE
r-release-macos-x86_64 0.2.1 40.00 NOTE
r-release-windows-x86_64 0.2.1 55.00 99.00 154.00 OK
r-oldrel-macos-arm64 0.2.1 28.00 NOTE
r-oldrel-macos-x86_64 0.2.1 48.00 NOTE
r-oldrel-windows-ix86+x86_64 0.2.1 75.00 105.00 180.00 OK

Check Details

Version: 0.2.1
Check: dependencies in R code
Result: NOTE
    Namespace in Imports field not imported from: ‘stats’
     All declared Imports should be used.
Flavors: r-devel-linux-x86_64-fedora-clang, r-devel-linux-x86_64-fedora-gcc, r-release-macos-arm64, r-release-macos-x86_64, r-oldrel-macos-arm64, r-oldrel-macos-x86_64