CRAN Package Check Results for Package Rcan

Last updated on 2022-07-03 05:49:58 CEST.

Flavor Version Tinstall Tcheck Ttotal Status Flags
r-devel-linux-x86_64-debian-clang 1.3.82 8.45 137.15 145.60 OK
r-devel-linux-x86_64-debian-gcc 1.3.82 6.09 99.92 106.01 OK
r-devel-linux-x86_64-fedora-clang 1.3.82 164.87 NOTE
r-devel-linux-x86_64-fedora-gcc 1.3.82 159.69 NOTE
r-devel-windows-x86_64 1.3.82 19.00 138.00 157.00 OK
r-patched-linux-x86_64 1.3.82 9.95 116.87 126.82 OK
r-release-linux-x86_64 1.3.82 6.17 117.10 123.27 OK
r-release-macos-arm64 1.3.82 40.00 NOTE
r-release-macos-x86_64 1.3.82 79.00 NOTE
r-release-windows-x86_64 1.3.82 24.00 135.00 159.00 OK
r-oldrel-macos-arm64 1.3.82 47.00 NOTE
r-oldrel-macos-x86_64 1.3.82 78.00 NOTE
r-oldrel-windows-ix86+x86_64 1.3.82 20.00 131.00 151.00 OK

Check Details

Version: 1.3.82
Check: data for non-ASCII characters
Result: NOTE
     Note: found 26334 marked UTF-8 strings
Flavors: r-devel-linux-x86_64-fedora-clang, r-devel-linux-x86_64-fedora-gcc, r-release-macos-arm64, r-release-macos-x86_64, r-oldrel-macos-arm64, r-oldrel-macos-x86_64