CRAN Package Check Results for Package Rborist

Last updated on 2022-01-25 00:49:59 CET.

Flavor Version Tinstall Tcheck Ttotal Status Flags
r-devel-linux-x86_64-debian-clang 0.2-3 187.11 44.38 231.49 OK
r-devel-linux-x86_64-debian-gcc 0.2-3 130.45 34.61 165.06 OK
r-devel-linux-x86_64-fedora-clang 0.2-3 353.09 NOTE
r-devel-linux-x86_64-fedora-gcc 0.2-3 292.62 OK
r-devel-windows-x86_64-new-UL 0.2-3 178.00 104.00 282.00 OK
r-devel-windows-x86_64-new-TK 0.2-3 OK
r-patched-linux-x86_64 0.2-3 158.94 42.57 201.51 OK
r-release-linux-x86_64 0.2-3 153.04 42.27 195.31 OK
r-release-macos-arm64 0.2-3 NOTE
r-release-macos-x86_64 0.2-3 NOTE
r-release-windows-ix86+x86_64 0.2-3 431.00 98.00 529.00 OK
r-oldrel-macos-x86_64 0.2-3 NOTE
r-oldrel-windows-ix86+x86_64 0.2-3 432.00 97.00 529.00 OK

Check Details

Version: 0.2-3
Check: installed package size
Result: NOTE
     installed size is 9.3Mb
     sub-directories of 1Mb or more:
     libs 9.0Mb
Flavors: r-devel-linux-x86_64-fedora-clang, r-release-macos-arm64, r-release-macos-x86_64, r-oldrel-macos-x86_64