Last updated on 2022-06-30 17:49:53 CEST.
Flavor | Version | Tinstall | Tcheck | Ttotal | Status | Flags |
---|---|---|---|---|---|---|
r-devel-linux-x86_64-debian-clang | 0.2 | 4.21 | 40.69 | 44.90 | NOTE | |
r-devel-linux-x86_64-debian-gcc | 0.2 | 3.29 | 31.48 | 34.77 | NOTE | |
r-devel-linux-x86_64-fedora-clang | 0.2 | 63.51 | NOTE | |||
r-devel-linux-x86_64-fedora-gcc | 0.2 | 65.06 | NOTE | |||
r-devel-windows-x86_64 | 0.2 | 12.00 | 68.00 | 80.00 | NOTE | |
r-patched-linux-x86_64 | 0.2 | 4.05 | 40.14 | 44.19 | NOTE | |
r-release-linux-x86_64 | 0.2 | 4.40 | 40.34 | 44.74 | NOTE | |
r-release-macos-arm64 | 0.2 | 22.00 | NOTE | |||
r-release-macos-x86_64 | 0.2 | 30.00 | NOTE | |||
r-release-windows-x86_64 | 0.2 | 14.00 | 68.00 | 82.00 | NOTE | |
r-oldrel-macos-arm64 | 0.2 | 29.00 | NOTE | |||
r-oldrel-macos-x86_64 | 0.2 | 35.00 | NOTE | |||
r-oldrel-windows-ix86+x86_64 | 0.2 | 10.00 | 64.00 | 74.00 | NOTE |
Version: 0.2
Check: LazyData
Result: NOTE
'LazyData' is specified without a 'data' directory
Flavors: r-devel-linux-x86_64-debian-clang, r-devel-linux-x86_64-debian-gcc, r-devel-linux-x86_64-fedora-clang, r-devel-linux-x86_64-fedora-gcc, r-devel-windows-x86_64, r-patched-linux-x86_64, r-release-linux-x86_64, r-release-macos-arm64, r-release-macos-x86_64, r-release-windows-x86_64, r-oldrel-macos-arm64, r-oldrel-macos-x86_64, r-oldrel-windows-ix86+x86_64