CRAN Package Check Results for Package Rarefy

Last updated on 2021-09-19 16:49:18 CEST.

Flavor Version Tinstall Tcheck Ttotal Status Flags
r-devel-linux-x86_64-debian-clang 1.1 28.60 592.24 620.84 OK
r-devel-linux-x86_64-debian-gcc 1.1 25.43 404.21 429.64 OK
r-devel-linux-x86_64-fedora-clang 1.1 693.85 OK
r-devel-linux-x86_64-fedora-gcc 1.1 694.96 OK
r-devel-windows-x86_64 1.1 30.00 649.00 679.00 OK
r-devel-windows-x86_64-gcc10-UCRT 1.1 ERROR
r-patched-linux-x86_64 1.1 33.44 539.65 573.09 OK
r-patched-solaris-x86 1.1 489.40 OK
r-release-linux-x86_64 1.1 26.43 532.15 558.58 OK
r-release-macos-arm64 1.1 OK
r-release-macos-x86_64 1.1 OK
r-release-windows-ix86+x86_64 1.1 69.00 620.00 689.00 OK
r-oldrel-macos-x86_64 1.1 OK
r-oldrel-windows-ix86+x86_64 1.1 67.00 633.00 700.00 OK

Check Details

Version: 1.1
Check: package dependencies
Result: ERROR
    Package required but not available: 'adiv'
    
    See section 'The DESCRIPTION file' in the 'Writing R Extensions'
    manual.
Flavor: r-devel-windows-x86_64-gcc10-UCRT