CRAN Package Check Results for Package Raquifer

Last updated on 2021-06-13 21:48:23 CEST.

Flavor Version Tinstall Tcheck Ttotal Status Flags
r-devel-linux-x86_64-debian-clang 0.1.0 6.58 60.64 67.22 NOTE
r-devel-linux-x86_64-debian-gcc 0.1.0 4.85 45.52 50.37 NOTE
r-devel-linux-x86_64-fedora-clang 0.1.0 90.13 NOTE
r-devel-linux-x86_64-fedora-gcc 0.1.0 82.41 NOTE
r-devel-windows-x86_64 0.1.0 10.00 84.00 94.00 NOTE
r-devel-windows-x86_64-gcc10-UCRT 0.1.0 NOTE
r-patched-linux-x86_64 0.1.0 5.85 56.63 62.48 NOTE
r-patched-solaris-x86 0.1.0 112.10 NOTE
r-release-linux-x86_64 0.1.0 6.51 56.42 62.93 NOTE
r-release-macos-arm64 0.1.0 NOTE
r-release-macos-x86_64 0.1.0 NOTE
r-release-windows-ix86+x86_64 0.1.0 10.00 90.00 100.00 NOTE
r-oldrel-macos-x86_64 0.1.0 OK
r-oldrel-windows-ix86+x86_64 0.1.0 19.00 90.00 109.00 OK

Check Details

Version: 0.1.0
Check: LazyData
Result: NOTE
     'LazyData' is specified without a 'data' directory
Flavors: r-devel-linux-x86_64-debian-clang, r-devel-linux-x86_64-debian-gcc, r-devel-linux-x86_64-fedora-clang, r-devel-linux-x86_64-fedora-gcc, r-devel-windows-x86_64, r-devel-windows-x86_64-gcc10-UCRT, r-patched-linux-x86_64, r-patched-solaris-x86, r-release-linux-x86_64, r-release-macos-arm64, r-release-macos-x86_64, r-release-windows-ix86+x86_64