CRAN Package Check Results for Package RadialVisGadgets

Last updated on 2021-10-22 16:50:47 CEST.

Flavor Version Tinstall Tcheck Ttotal Status Flags
r-devel-linux-x86_64-debian-clang 0.2.0 15.01 125.53 140.54 NOTE
r-devel-linux-x86_64-debian-gcc 0.2.0 12.78 95.10 107.88 NOTE
r-devel-linux-x86_64-fedora-clang 0.2.0 182.02 NOTE
r-devel-linux-x86_64-fedora-gcc 0.2.0 164.54 NOTE
r-devel-windows-x86_64 0.2.0 23.00 152.00 175.00 NOTE
r-devel-windows-x86_64-gcc10-UCRT 0.2.0 NOTE
r-patched-linux-x86_64 0.2.0 14.29 120.35 134.64 NOTE
r-patched-solaris-x86 0.2.0 247.20 NOTE
r-release-linux-x86_64 0.2.0 14.27 118.58 132.85 NOTE
r-release-macos-arm64 0.2.0 NOTE
r-release-macos-x86_64 0.2.0 NOTE
r-release-windows-ix86+x86_64 0.2.0 23.00 154.00 177.00 NOTE
r-oldrel-macos-x86_64 0.2.0 OK
r-oldrel-windows-ix86+x86_64 0.2.0 37.00 158.00 195.00 OK

Check Details

Version: 0.2.0
Check: LazyData
Result: NOTE
     'LazyData' is specified without a 'data' directory
Flavors: r-devel-linux-x86_64-debian-clang, r-devel-linux-x86_64-debian-gcc, r-devel-linux-x86_64-fedora-clang, r-devel-linux-x86_64-fedora-gcc, r-devel-windows-x86_64, r-devel-windows-x86_64-gcc10-UCRT, r-patched-linux-x86_64, r-patched-solaris-x86, r-release-linux-x86_64, r-release-macos-arm64, r-release-macos-x86_64, r-release-windows-ix86+x86_64