CRAN Package Check Results for Package RaSEn

Last updated on 2021-09-19 16:49:18 CEST.

Flavor Version Tinstall Tcheck Ttotal Status Flags
r-devel-linux-x86_64-debian-clang 2.2.0 21.73 252.46 274.19 OK
r-devel-linux-x86_64-debian-gcc 2.2.0 19.96 185.20 205.16 OK
r-devel-linux-x86_64-fedora-clang 2.2.0 332.83 OK
r-devel-linux-x86_64-fedora-gcc 2.2.0 318.62 OK
r-devel-windows-x86_64 2.2.0 25.00 314.00 339.00 OK
r-devel-windows-x86_64-gcc10-UCRT 2.2.0 ERROR
r-patched-linux-x86_64 2.2.0 20.91 238.11 259.02 OK
r-patched-solaris-x86 2.2.0 306.60 OK
r-release-linux-x86_64 2.2.0 20.76 235.47 256.23 OK
r-release-macos-arm64 2.2.0 OK
r-release-macos-x86_64 2.2.0 OK
r-release-windows-ix86+x86_64 2.2.0 48.00 294.00 342.00 OK
r-oldrel-macos-x86_64 2.2.0 OK
r-oldrel-windows-ix86+x86_64 2.2.0 46.00 309.00 355.00 OK

Check Details

Version: 2.2.0
Check: whether package can be installed
Result: WARN
    Found the following significant warnings:
     WARNING: installation-time patches will not be applied, could not get the patches index
Flavor: r-devel-windows-x86_64-gcc10-UCRT

Version: 2.2.0
Check: PDF version of manual
Result: WARN
    LaTeX errors when creating PDF version.
    This typically indicates Rd problems.
Flavor: r-devel-windows-x86_64-gcc10-UCRT

Version: 2.2.0
Check: PDF version of manual without hyperrefs or index
Result: ERROR
    Re-running with no redirection of stdout/stderr.
Flavor: r-devel-windows-x86_64-gcc10-UCRT