CRAN Package Check Results for Package RYandexTranslate

Last updated on 2022-07-04 05:50:16 CEST.

Flavor Version Tinstall Tcheck Ttotal Status Flags
r-devel-linux-x86_64-debian-clang 1.0 2.11 28.59 30.70 NOTE
r-devel-linux-x86_64-debian-gcc 1.0 2.36 22.62 24.98 NOTE
r-devel-linux-x86_64-fedora-clang 1.0 49.02 NOTE
r-devel-linux-x86_64-fedora-gcc 1.0 47.76 NOTE
r-devel-windows-x86_64 1.0 15.00 53.00 68.00 NOTE
r-patched-linux-x86_64 1.0 3.05 28.15 31.20 NOTE
r-release-linux-x86_64 1.0 2.73 28.11 30.84 NOTE
r-release-macos-arm64 1.0 17.00 NOTE
r-release-macos-x86_64 1.0 23.00 NOTE
r-release-windows-x86_64 1.0 22.00 55.00 77.00 NOTE
r-oldrel-macos-arm64 1.0 19.00 NOTE
r-oldrel-macos-x86_64 1.0 29.00 NOTE
r-oldrel-windows-ix86+x86_64 1.0 6.00 46.00 52.00 NOTE

Check Details

Version: 1.0
Check: LazyData
Result: NOTE
     'LazyData' is specified without a 'data' directory
Flavors: r-devel-linux-x86_64-debian-clang, r-devel-linux-x86_64-debian-gcc, r-devel-linux-x86_64-fedora-clang, r-devel-linux-x86_64-fedora-gcc, r-devel-windows-x86_64, r-patched-linux-x86_64, r-release-linux-x86_64, r-release-macos-arm64, r-release-macos-x86_64, r-release-windows-x86_64, r-oldrel-macos-arm64, r-oldrel-macos-x86_64, r-oldrel-windows-ix86+x86_64