CRAN Package Check Results for Package RXKCD

Last updated on 2021-09-21 16:51:49 CEST.

Flavor Version Tinstall Tcheck Ttotal Status Flags
r-devel-linux-x86_64-debian-clang 1.9.2 2.88 28.66 31.54 OK
r-devel-linux-x86_64-debian-gcc 1.9.2 2.13 22.46 24.59 OK
r-devel-linux-x86_64-fedora-clang 1.9.2 46.90 OK
r-devel-linux-x86_64-fedora-gcc 1.9.2 36.48 OK
r-devel-windows-x86_64 1.9.2 6.00 36.00 42.00 OK
r-devel-windows-x86_64-gcc10-UCRT 1.9.2 ERROR
r-patched-linux-x86_64 1.9.2 3.05 27.71 30.76 OK
r-patched-solaris-x86 1.9.2 57.70 OK
r-release-linux-x86_64 1.9.2 2.53 27.82 30.35 OK
r-release-macos-arm64 1.9.2 OK
r-release-macos-x86_64 1.9.2 OK
r-release-windows-ix86+x86_64 1.9.2 7.00 48.00 55.00 OK
r-oldrel-macos-x86_64 1.9.2 OK
r-oldrel-windows-ix86+x86_64 1.9.2 6.00 36.00 42.00 OK

Check Details

Version: 1.9.2
Check: whether package can be installed
Result: WARN
    Found the following significant warnings:
     WARNING: installation-time patches will not be applied, could not get the patches index
Flavor: r-devel-windows-x86_64-gcc10-UCRT

Version: 1.9.2
Check: PDF version of manual
Result: WARN
    LaTeX errors when creating PDF version.
    This typically indicates Rd problems.
Flavor: r-devel-windows-x86_64-gcc10-UCRT

Version: 1.9.2
Check: PDF version of manual without hyperrefs or index
Result: ERROR
    Re-running with no redirection of stdout/stderr.
Flavor: r-devel-windows-x86_64-gcc10-UCRT