Last updated on 2022-05-28 14:53:51 CEST.
Flavor | Version | Tinstall | Tcheck | Ttotal | Status | Flags |
---|---|---|---|---|---|---|
r-devel-linux-x86_64-debian-clang | 0.9-81-2 | 20.88 | 143.19 | 164.07 | NOTE | |
r-devel-linux-x86_64-debian-gcc | 0.9-81-2 | 15.39 | 105.93 | 121.32 | NOTE | |
r-devel-linux-x86_64-fedora-clang | 0.9-81-2 | 191.69 | NOTE | |||
r-devel-linux-x86_64-fedora-gcc | 0.9-81-2 | 195.21 | NOTE | |||
r-devel-windows-x86_64 | 0.9-81-2 | 152.00 | 177.00 | 329.00 | NOTE | |
r-patched-linux-x86_64 | 0.9-81-2 | 28.41 | 132.15 | 160.56 | NOTE | |
r-release-linux-x86_64 | 0.9-81-2 | 19.88 | 133.40 | 153.28 | NOTE | |
r-release-macos-arm64 | 0.9-81-2 | 47.00 | NOTE | |||
r-release-macos-x86_64 | 0.9-81-2 | 82.00 | NOTE | |||
r-release-windows-x86_64 | 0.9-81-2 | 285.00 | 174.00 | 459.00 | NOTE | |
r-oldrel-macos-arm64 | 0.9-81-2 | 34.00 | NOTE | |||
r-oldrel-macos-x86_64 | 0.9-81-2 | 67.00 | NOTE | |||
r-oldrel-windows-ix86+x86_64 | 0.9-81-2 | 36.00 | 176.00 | 212.00 | NOTE |
Version: 0.9-81-2
Check: package dependencies
Result: NOTE
Package which this enhances but not available for checking: 'glmmADMB'
Flavors: r-devel-linux-x86_64-debian-clang, r-devel-linux-x86_64-debian-gcc, r-devel-linux-x86_64-fedora-clang, r-devel-linux-x86_64-fedora-gcc, r-devel-windows-x86_64, r-patched-linux-x86_64, r-release-linux-x86_64, r-release-macos-arm64, r-release-macos-x86_64, r-release-windows-x86_64, r-oldrel-macos-arm64, r-oldrel-macos-x86_64, r-oldrel-windows-ix86+x86_64