CRAN Package Check Results for Package RUnit

Last updated on 2021-07-26 19:49:36 CEST.

Flavor Version Tinstall Tcheck Ttotal Status Flags
r-devel-linux-x86_64-debian-clang 0.4.32 4.64 38.15 42.79 NOTE
r-devel-linux-x86_64-debian-gcc 0.4.32 3.21 29.66 32.87 NOTE
r-devel-linux-x86_64-fedora-clang 0.4.32 59.13 NOTE
r-devel-linux-x86_64-fedora-gcc 0.4.32 49.05 NOTE
r-devel-windows-x86_64 0.4.32 6.00 43.00 49.00 OK
r-devel-windows-x86_64-gcc10-UCRT 0.4.32 OK
r-patched-linux-x86_64 0.4.32 4.15 36.70 40.85 NOTE
r-patched-solaris-x86 0.4.32 70.70 NOTE
r-release-linux-x86_64 0.4.32 3.57 36.67 40.24 NOTE
r-release-macos-arm64 0.4.32 OK
r-release-macos-x86_64 0.4.32 OK
r-release-windows-ix86+x86_64 0.4.32 8.00 42.00 50.00 OK
r-oldrel-macos-x86_64 0.4.32 OK
r-oldrel-windows-ix86+x86_64 0.4.32 7.00 41.00 48.00 OK

Check Details

Version: 0.4.32
Check: for non-standard things in the check directory
Result: NOTE
    Found the following files/directories:
     'results'
Flavors: r-devel-linux-x86_64-debian-clang, r-devel-linux-x86_64-debian-gcc, r-devel-linux-x86_64-fedora-clang, r-devel-linux-x86_64-fedora-gcc, r-patched-linux-x86_64, r-patched-solaris-x86, r-release-linux-x86_64