CRAN Package Check Results for Package RUVIIIC

Last updated on 2021-10-18 04:54:33 CEST.

Flavor Version Tinstall Tcheck Ttotal Status Flags
r-devel-linux-x86_64-debian-clang 1.0.19 176.68 90.84 267.52 OK
r-devel-linux-x86_64-debian-gcc 1.0.19 147.41 73.72 221.13 OK
r-devel-linux-x86_64-fedora-clang 1.0.19 404.05 NOTE
r-devel-linux-x86_64-fedora-gcc 1.0.19 383.31 OK
r-devel-windows-x86_64 1.0.19 203.00 137.00 340.00 OK
r-devel-windows-x86_64-gcc10-UCRT 1.0.19 OK
r-patched-linux-x86_64 1.0.19 176.66 92.57 269.23 OK
r-patched-solaris-x86 1.0.19 385.50 OK
r-release-linux-x86_64 1.0.19 176.00 91.32 267.32 OK
r-release-macos-arm64 1.0.19 NOTE
r-release-macos-x86_64 1.0.19 NOTE
r-release-windows-ix86+x86_64 1.0.19 285.00 176.00 461.00 OK
r-oldrel-macos-x86_64 1.0.19 NOTE
r-oldrel-windows-ix86+x86_64 1.0.19 418.00 187.00 605.00 OK

Check Details

Version: 1.0.19
Check: installed package size
Result: NOTE
     installed size is 45.4Mb
     sub-directories of 1Mb or more:
     libs 44.7Mb
Flavors: r-devel-linux-x86_64-fedora-clang, r-release-macos-arm64, r-release-macos-x86_64, r-oldrel-macos-x86_64