CRAN Package Check Results for Package RTD

Last updated on 2021-10-23 05:51:42 CEST.

Flavor Version Tinstall Tcheck Ttotal Status Flags
r-devel-linux-x86_64-debian-clang 0.4.1 5.69 48.10 53.79 NOTE
r-devel-linux-x86_64-debian-gcc 0.4.1 4.21 36.34 40.55 NOTE
r-devel-linux-x86_64-fedora-clang 0.4.1 74.49 NOTE
r-devel-linux-x86_64-fedora-gcc 0.4.1 77.50 NOTE
r-devel-windows-x86_64 0.4.1 11.00 70.00 81.00 NOTE
r-devel-windows-x86_64-gcc10-UCRT 0.4.1 NOTE
r-patched-linux-x86_64 0.4.1 5.53 45.24 50.77 NOTE
r-patched-solaris-x86 0.4.1 96.50 NOTE
r-release-linux-x86_64 0.4.1 6.03 45.05 51.08 NOTE
r-release-macos-arm64 0.4.1 NOTE
r-release-macos-x86_64 0.4.1 NOTE
r-release-windows-ix86+x86_64 0.4.1 12.00 67.00 79.00 NOTE
r-oldrel-macos-x86_64 0.4.1 OK
r-oldrel-windows-ix86+x86_64 0.4.1 17.00 69.00 86.00 OK

Check Details

Version: 0.4.1
Check: LazyData
Result: NOTE
     'LazyData' is specified without a 'data' directory
Flavors: r-devel-linux-x86_64-debian-clang, r-devel-linux-x86_64-debian-gcc, r-devel-linux-x86_64-fedora-clang, r-devel-linux-x86_64-fedora-gcc, r-devel-windows-x86_64, r-devel-windows-x86_64-gcc10-UCRT, r-patched-linux-x86_64, r-patched-solaris-x86, r-release-linux-x86_64, r-release-macos-arm64, r-release-macos-x86_64, r-release-windows-ix86+x86_64