CRAN Package Check Results for Package RStoolbox

Last updated on 2021-09-25 16:49:40 CEST.

Flavor Version Tinstall Tcheck Ttotal Status Flags
r-devel-linux-x86_64-debian-clang 0.2.6 149.53 430.13 579.66 OK
r-devel-linux-x86_64-debian-gcc 0.2.6 99.51 324.82 424.33 OK
r-devel-linux-x86_64-fedora-clang 0.2.6 786.83 NOTE
r-devel-linux-x86_64-fedora-gcc 0.2.6 727.50 OK
r-devel-windows-x86_64 0.2.6 137.00 354.00 491.00 OK
r-devel-windows-x86_64-gcc10-UCRT 0.2.6 OK
r-patched-linux-x86_64 0.2.6 115.36 411.83 527.19 OK
r-patched-solaris-x86 0.2.6 819.10 OK
r-release-linux-x86_64 0.2.6 113.62 412.13 525.75 OK
r-release-macos-arm64 0.2.6 NOTE
r-release-macos-x86_64 0.2.6 NOTE
r-release-windows-ix86+x86_64 0.2.6 336.00 778.00 1114.00 OK
r-oldrel-macos-x86_64 0.2.6 NOTE
r-oldrel-windows-ix86+x86_64 0.2.6 242.00 561.00 803.00 OK

Check Details

Version: 0.2.6
Check: installed package size
Result: NOTE
     installed size is 5.2Mb
     sub-directories of 1Mb or more:
     libs 3.7Mb
Flavors: r-devel-linux-x86_64-fedora-clang, r-release-macos-arm64, r-release-macos-x86_64, r-oldrel-macos-x86_64