CRAN Package Check Results for Package RSpectra

Last updated on 2021-09-17 16:50:23 CEST.

Flavor Version Tinstall Tcheck Ttotal Status Flags
r-devel-linux-x86_64-debian-clang 0.16-0 188.07 69.59 257.66 OK
r-devel-linux-x86_64-debian-gcc 0.16-0 154.79 57.94 212.73 OK
r-devel-linux-x86_64-fedora-clang 0.16-0 365.69 NOTE
r-devel-linux-x86_64-fedora-gcc 0.16-0 381.46 OK
r-devel-windows-x86_64 0.16-0 159.00 112.00 271.00 OK
r-devel-windows-x86_64-gcc10-UCRT 0.16-0 OK
r-patched-linux-x86_64 0.16-0 173.79 72.31 246.10 OK
r-patched-solaris-x86 0.16-0 319.30 OK
r-release-linux-x86_64 0.16-0 171.36 71.44 242.80 OK
r-release-macos-arm64 0.16-0 NOTE
r-release-macos-x86_64 0.16-0 NOTE
r-release-windows-ix86+x86_64 0.16-0 400.00 138.00 538.00 OK
r-oldrel-macos-x86_64 0.16-0 NOTE
r-oldrel-windows-ix86+x86_64 0.16-0 380.00 148.00 528.00 OK

Check Details

Version: 0.16-0
Check: installed package size
Result: NOTE
     installed size is 41.3Mb
     sub-directories of 1Mb or more:
     libs 40.7Mb
Flavors: r-devel-linux-x86_64-fedora-clang, r-release-macos-arm64, r-release-macos-x86_64, r-oldrel-macos-x86_64