CRAN Package Check Results for Package RSIP

Last updated on 2021-09-20 16:50:57 CEST.

Flavor Version Tinstall Tcheck Ttotal Status Flags
r-devel-linux-x86_64-debian-clang 1.0.0 25.77 217.36 243.13 OK
r-devel-linux-x86_64-debian-gcc 1.0.0 19.75 158.80 178.55 OK
r-devel-linux-x86_64-fedora-clang 1.0.0 297.12 OK
r-devel-linux-x86_64-fedora-gcc 1.0.0 285.84 OK
r-devel-windows-x86_64 1.0.0 25.00 157.00 182.00 OK
r-devel-windows-x86_64-gcc10-UCRT 1.0.0 ERROR
r-patched-linux-x86_64 1.0.0 26.70 204.94 231.64 OK
r-patched-solaris-x86 1.0.0 394.10 OK
r-release-linux-x86_64 1.0.0 22.11 204.18 226.29 OK
r-release-macos-arm64 1.0.0 OK
r-release-macos-x86_64 1.0.0 OK
r-release-windows-ix86+x86_64 1.0.0 56.00 229.00 285.00 OK
r-oldrel-macos-x86_64 1.0.0 OK
r-oldrel-windows-ix86+x86_64 1.0.0 57.00 252.00 309.00 OK

Check Details

Version: 1.0.0
Check: whether package can be installed
Result: WARN
    Found the following significant warnings:
     WARNING: installation-time patches will not be applied, could not get the patches index
Flavor: r-devel-windows-x86_64-gcc10-UCRT

Version: 1.0.0
Check: PDF version of manual
Result: WARN
    LaTeX errors when creating PDF version.
    This typically indicates Rd problems.
Flavor: r-devel-windows-x86_64-gcc10-UCRT

Version: 1.0.0
Check: PDF version of manual without hyperrefs or index
Result: ERROR
    Re-running with no redirection of stdout/stderr.
Flavor: r-devel-windows-x86_64-gcc10-UCRT