CRAN Package Check Results for Package RSEIS

Last updated on 2021-10-16 04:57:41 CEST.

Flavor Version Tinstall Tcheck Ttotal Status Flags
r-devel-linux-x86_64-debian-clang 4.0-3 29.93 158.85 188.78 OK
r-devel-linux-x86_64-debian-gcc 4.0-3 23.42 116.93 140.35 OK
r-devel-linux-x86_64-fedora-clang 4.0-3 242.40 OK
r-devel-linux-x86_64-fedora-gcc 4.0-3 229.99 OK
r-devel-windows-x86_64 4.0-3 37.00 150.00 187.00 OK
r-devel-windows-x86_64-gcc10-UCRT 4.0-3 OK
r-patched-linux-x86_64 4.0-3 30.34 154.94 185.28 OK
r-patched-solaris-x86 4.0-3 260.20 WARN
r-release-linux-x86_64 4.0-3 31.33 153.40 184.73 OK
r-release-macos-arm64 4.0-3 OK
r-release-macos-x86_64 4.0-3 OK
r-release-windows-ix86+x86_64 4.0-3 55.00 261.00 316.00 OK
r-oldrel-macos-x86_64 4.0-3 OK
r-oldrel-windows-ix86+x86_64 4.0-3 57.00 247.00 304.00 OK

Check Details

Version: 4.0-3
Check: for executable files
Result: WARN
    Found the following executable file:
     data/GH.RData
    Source packages should not contain undeclared executable files.
    See section ‘Package structure’ in the ‘Writing R Extensions’ manual.
Flavor: r-patched-solaris-x86