CRAN Package Check Results for Package RSEIS

Last updated on 2021-07-30 19:50:24 CEST.

Flavor Version Tinstall Tcheck Ttotal Status Flags
r-devel-linux-x86_64-debian-clang 3.9-3 OK
r-devel-linux-x86_64-debian-gcc 3.9-3 23.50 120.69 144.19 OK
r-devel-linux-x86_64-fedora-clang 3.9-3 239.08 OK
r-devel-linux-x86_64-fedora-gcc 3.9-3 226.32 OK
r-devel-windows-x86_64 3.9-3 33.00 191.00 224.00 OK
r-devel-windows-x86_64-gcc10-UCRT 3.9-3 OK
r-patched-linux-x86_64 3.9-3 OK
r-patched-solaris-x86 3.9-3 249.60 WARN
r-release-linux-x86_64 3.9-3 29.41 155.62 185.03 OK
r-release-macos-arm64 3.9-3 OK
r-release-macos-x86_64 3.9-3 OK
r-release-windows-ix86+x86_64 3.9-3 40.00 249.00 289.00 OK
r-oldrel-macos-x86_64 3.9-3 OK
r-oldrel-windows-ix86+x86_64 3.9-3 43.00 232.00 275.00 OK

Check Details

Version: 3.9-3
Check: for executable files
Result: WARN
    Found the following executable file:
     data/GH.RData
    Source packages should not contain undeclared executable files.
    See section ‘Package structure’ in the ‘Writing R Extensions’ manual.
Flavor: r-patched-solaris-x86