CRAN Package Check Results for Package RSDA

Last updated on 2021-07-28 19:50:10 CEST.

Flavor Version Tinstall Tcheck Ttotal Status Flags
r-devel-linux-x86_64-debian-clang 3.0.9 OK
r-devel-linux-x86_64-debian-gcc 3.0.9 17.33 166.26 183.59 OK
r-devel-linux-x86_64-fedora-clang 3.0.9 336.09 NOTE
r-devel-linux-x86_64-fedora-gcc 3.0.9 327.51 NOTE
r-devel-windows-x86_64 3.0.9 38.00 302.00 340.00 OK
r-devel-windows-x86_64-gcc10-UCRT 3.0.9 NOTE
r-patched-linux-x86_64 3.0.9 20.11 214.99 235.10 OK
r-patched-solaris-x86 3.0.9 435.40 NOTE
r-release-linux-x86_64 3.0.9 19.87 213.52 233.39 OK
r-release-macos-arm64 3.0.9 WARN
r-release-macos-x86_64 3.0.9 NOTE
r-release-windows-ix86+x86_64 3.0.9 45.00 299.00 344.00 OK
r-oldrel-macos-x86_64 3.0.9 NOTE
r-oldrel-windows-ix86+x86_64 3.0.9 51.00 318.00 369.00 OK

Check Details

Version: 3.0.9
Check: package dependencies
Result: NOTE
    Imports includes 28 non-default packages.
    Importing from so many packages makes the package vulnerable to any of
    them becoming unavailable. Move as many as possible to Suggests and
    use conditionally.
Flavor: r-devel-linux-x86_64-fedora-clang

Version: 3.0.9
Check: dependencies in R code
Result: NOTE
    Namespace in Imports field not imported from: ‘labelled’
     All declared Imports should be used.
Flavors: r-devel-linux-x86_64-fedora-clang, r-devel-linux-x86_64-fedora-gcc, r-devel-windows-x86_64-gcc10-UCRT, r-patched-solaris-x86, r-release-macos-arm64, r-release-macos-x86_64, r-oldrel-macos-x86_64

Version: 3.0.9
Check: re-building of vignette outputs
Result: WARN
    Error(s) in re-building vignettes:
     ...
    --- re-building ‘introduction.Rmd’ using rmarkdown
    Warning in engine$weave(file, quiet = quiet, encoding = enc) :
     Pandoc (>= 1.12.3) not available. Falling back to R Markdown v1.
    Quitting from lines 249-266 (introduction.Rmd)
    Error: processing vignette 'introduction.Rmd' failed with diagnostics:
    polygon edge not found
    --- failed re-building ‘introduction.Rmd’
    
    SUMMARY: processing the following file failed:
     ‘introduction.Rmd’
    
    Error: Vignette re-building failed.
    Execution halted
Flavor: r-release-macos-arm64