CRAN Package Check Results for Package RSAGA

Last updated on 2021-07-24 07:49:38 CEST.

Flavor Version Tinstall Tcheck Ttotal Status Flags
r-devel-linux-x86_64-debian-clang 1.3.0 10.06 82.04 92.10 OK
r-devel-linux-x86_64-debian-gcc 1.3.0 9.43 62.75 72.18 OK
r-devel-linux-x86_64-fedora-clang 1.3.0 118.41 NOTE
r-devel-linux-x86_64-fedora-gcc 1.3.0 109.50 OK
r-devel-windows-x86_64 1.3.0 12.00 77.00 89.00 OK
r-devel-windows-x86_64-gcc10-UCRT 1.3.0 OK
r-patched-linux-x86_64 1.3.0 10.44 77.85 88.29 OK
r-patched-solaris-x86 1.3.0 155.10 OK
r-release-linux-x86_64 1.3.0 10.40 78.92 89.32 OK
r-release-macos-arm64 1.3.0 OK
r-release-macos-x86_64 1.3.0 OK
r-release-windows-ix86+x86_64 1.3.0 24.00 76.00 100.00 OK
r-oldrel-macos-x86_64 1.3.0 OK
r-oldrel-windows-ix86+x86_64 1.3.0 21.00 105.00 126.00 OK

Check Details

Version: 1.3.0
Check: Rd cross-references
Result: NOTE
    Undeclared package ‘sp’ in Rd xrefs
Flavor: r-devel-linux-x86_64-fedora-clang