CRAN Package Check Results for Package ROSE

Last updated on 2021-11-30 11:52:09 CET.

Flavor Version Tinstall Tcheck Ttotal Status Flags
r-devel-linux-x86_64-debian-clang 0.0-4 2.26 25.04 27.30 OK
r-devel-linux-x86_64-debian-gcc 0.0-4 2.15 19.92 22.07 OK
r-devel-linux-x86_64-fedora-clang 0.0-4 45.45 NOTE
r-devel-linux-x86_64-fedora-gcc 0.0-4 34.78 OK
r-devel-windows-x86_64-new-UL 0.0-4 7.00 60.00 67.00 OK
r-devel-windows-x86_64-new-TK 0.0-4 OK
r-devel-windows-x86_64-old 0.0-4 5.00 30.00 35.00 OK
r-patched-linux-x86_64 0.0-4 2.67 24.01 26.68 OK
r-patched-solaris-x86 0.0-4 52.00 OK
r-release-linux-x86_64 0.0-4 2.75 24.27 27.02 OK
r-release-macos-arm64 0.0-4 OK
r-release-macos-x86_64 0.0-4 OK
r-release-windows-ix86+x86_64 0.0-4 5.00 33.00 38.00 OK
r-oldrel-macos-x86_64 0.0-4 OK
r-oldrel-windows-ix86+x86_64 0.0-4 5.00 39.00 44.00 OK

Check Details

Version: 0.0-4
Check: Rd cross-references
Result: NOTE
    Undeclared package ‘pROC’ in Rd xrefs
Flavor: r-devel-linux-x86_64-fedora-clang