CRAN Package Check Results for Package ROMDB

Last updated on 2022-01-23 00:57:24 CET.

Flavor Version Tinstall Tcheck Ttotal Status Flags
r-devel-linux-x86_64-debian-clang 0.1.0 5.21 52.79 58.00 NOTE
r-devel-linux-x86_64-debian-gcc 0.1.0 4.10 40.43 44.53 NOTE
r-devel-linux-x86_64-fedora-clang 0.1.0 74.75 NOTE
r-devel-linux-x86_64-fedora-gcc 0.1.0 58.65 NOTE
r-devel-windows-x86_64-new-UL 0.1.0 23.00 74.00 97.00 NOTE
r-devel-windows-x86_64-new-TK 0.1.0 NOTE
r-patched-linux-x86_64 0.1.0 3.56 50.46 54.02 NOTE
r-release-linux-x86_64 0.1.0 3.60 49.76 53.36 NOTE
r-release-macos-arm64 0.1.0 NOTE
r-release-macos-x86_64 0.1.0 NOTE
r-release-windows-ix86+x86_64 0.1.0 13.00 62.00 75.00 NOTE
r-oldrel-macos-x86_64 0.1.0 OK
r-oldrel-windows-ix86+x86_64 0.1.0 13.00 63.00 76.00 OK

Check Details

Version: 0.1.0
Check: LazyData
Result: NOTE
     'LazyData' is specified without a 'data' directory
Flavors: r-devel-linux-x86_64-debian-clang, r-devel-linux-x86_64-debian-gcc, r-devel-linux-x86_64-fedora-clang, r-devel-linux-x86_64-fedora-gcc, r-devel-windows-x86_64-new-UL, r-devel-windows-x86_64-new-TK, r-patched-linux-x86_64, r-release-linux-x86_64, r-release-macos-arm64, r-release-macos-x86_64, r-release-windows-ix86+x86_64