CRAN Package Check Results for Package ROI.plugin.cplex

Last updated on 2021-12-07 23:54:42 CET.

Flavor Version Tinstall Tcheck Ttotal Status Flags
r-devel-linux-x86_64-debian-clang 0.3-0 5.99 52.66 58.65 OK --no-tests
r-devel-linux-x86_64-debian-gcc 0.3-0 3.86 38.05 41.91 OK --no-tests
r-devel-windows-x86_64-new-UL 0.3-0 2.00 23.00 25.00 ERROR
r-devel-windows-x86_64-new-TK 0.3-0 ERROR --no-tests
r-devel-windows-x86_64-old 0.3-0 2.00 7.00 9.00 ERROR
r-patched-linux-x86_64 0.3-0 4.97 50.36 55.33 OK --no-tests
r-release-linux-x86_64 0.3-0 3.66 50.05 53.71 OK --no-tests
r-release-macos-arm64 0.3-0 ERROR
r-release-macos-x86_64 0.3-0 ERROR
r-oldrel-macos-x86_64 0.3-0 ERROR
r-oldrel-windows-ix86+x86_64 0.3-0 1.00 7.00 8.00 ERROR

Check Details

Version: 0.3-0
Check: package dependencies
Result: ERROR
    Package required but not available: 'Rcplex'
    
    See section 'The DESCRIPTION file' in the 'Writing R Extensions'
    manual.
Flavors: r-devel-windows-x86_64-new-UL, r-devel-windows-x86_64-old, r-release-macos-arm64, r-release-macos-x86_64, r-oldrel-macos-x86_64, r-oldrel-windows-ix86+x86_64

Version: 0.3-0
Flags: --no-tests
Check: package dependencies
Result: ERROR
    Package required but not available: 'Rcplex'
    
    See section 'The DESCRIPTION file' in the 'Writing R Extensions'
    manual.
Flavor: r-devel-windows-x86_64-new-TK