CRAN Package Check Results for Package RNifti

Last updated on 2021-10-19 16:50:44 CEST.

Flavor Version Tinstall Tcheck Ttotal Status Flags
r-devel-linux-x86_64-debian-clang 1.3.1 34.03 38.37 72.40 OK
r-devel-linux-x86_64-debian-gcc 1.3.1 29.75 29.20 58.95 OK
r-devel-linux-x86_64-fedora-clang 1.3.1 109.13 OK
r-devel-linux-x86_64-fedora-gcc 1.3.1 98.88 OK
r-devel-windows-x86_64 1.3.1 48.00 71.00 119.00 OK
r-devel-windows-x86_64-gcc10-UCRT 1.3.1 OK
r-patched-linux-x86_64 1.3.1 33.16 35.63 68.79 OK
r-patched-solaris-x86 1.3.1 117.30 OK
r-release-linux-x86_64 1.3.1 32.41 36.61 69.02 OK
r-release-macos-arm64 1.3.1 NOTE
r-release-macos-x86_64 1.3.1 NOTE
r-release-windows-ix86+x86_64 1.3.1 75.00 94.00 169.00 OK
r-oldrel-macos-x86_64 1.3.1 NOTE
r-oldrel-windows-ix86+x86_64 1.3.1 103.00 92.00 195.00 OK

Check Details

Version: 1.3.1
Check: installed package size
Result: NOTE
     installed size is 6.3Mb
     sub-directories of 1Mb or more:
     libs 5.1Mb
Flavors: r-release-macos-arm64, r-release-macos-x86_64, r-oldrel-macos-x86_64