CRAN Package Check Results for Package RNifti

Last updated on 2025-01-14 07:50:17 CET.

Flavor Version Tinstall Tcheck Ttotal Status Flags
r-devel-linux-x86_64-debian-clang 1.7.0 23.29 33.14 56.43 OK
r-devel-linux-x86_64-debian-gcc 1.7.0 22.64 25.88 48.52 OK
r-devel-linux-x86_64-fedora-clang 1.7.0 94.94 NOTE
r-devel-linux-x86_64-fedora-gcc 1.7.0 118.27 NOTE
r-devel-windows-x86_64 1.7.0 30.00 82.00 112.00 OK
r-patched-linux-x86_64 1.7.0 27.12 31.36 58.48 OK
r-release-linux-x86_64 1.7.0 29.21 31.54 60.75 OK
r-release-macos-arm64 1.7.0 50.00 OK
r-release-macos-x86_64 1.7.0 123.00 OK
r-release-windows-x86_64 1.7.0 31.00 77.00 108.00 OK
r-oldrel-macos-arm64 1.7.0 55.00 OK
r-oldrel-macos-x86_64 1.7.0 91.00 OK
r-oldrel-windows-x86_64 1.7.0 35.00 87.00 122.00 OK

Check Details

Version: 1.7.0
Check: compiled code
Result: NOTE File ‘RNifti/libs/RNifti.so’: Found non-API call to R: ‘SET_TYPEOF’ Compiled code should not call non-API entry points in R. See ‘Writing portable packages’ in the ‘Writing R Extensions’ manual, and section ‘Moving into C API compliance’ for issues with the use of non-API entry points. Flavors: r-devel-linux-x86_64-fedora-clang, r-devel-linux-x86_64-fedora-gcc