CRAN Package Check Results for Package RNOmni

Last updated on 2022-01-25 12:55:46 CET.

Flavor Version Tinstall Tcheck Ttotal Status Flags
r-devel-linux-x86_64-debian-clang 1.0.0 40.79 42.73 83.52 NOTE
r-devel-linux-x86_64-debian-gcc 1.0.0 35.96 35.95 71.91 NOTE
r-devel-linux-x86_64-fedora-clang 1.0.0 126.12 NOTE
r-devel-linux-x86_64-fedora-gcc 1.0.0 108.89 NOTE
r-devel-windows-x86_64-new-UL 1.0.0 52.00 85.00 137.00 NOTE
r-devel-windows-x86_64-new-TK 1.0.0 NOTE
r-patched-linux-x86_64 1.0.0 41.70 40.19 81.89 NOTE
r-release-linux-x86_64 1.0.0 43.54 40.29 83.83 NOTE
r-release-macos-arm64 1.0.0 NOTE
r-release-macos-x86_64 1.0.0 NOTE
r-release-windows-ix86+x86_64 1.0.0 117.00 82.00 199.00 NOTE
r-oldrel-macos-x86_64 1.0.0 OK
r-oldrel-windows-ix86+x86_64 1.0.0 116.00 80.00 196.00 OK

Check Details

Version: 1.0.0
Check: LazyData
Result: NOTE
     'LazyData' is specified without a 'data' directory
Flavors: r-devel-linux-x86_64-debian-clang, r-devel-linux-x86_64-debian-gcc, r-devel-linux-x86_64-fedora-clang, r-devel-linux-x86_64-fedora-gcc, r-devel-windows-x86_64-new-UL, r-devel-windows-x86_64-new-TK, r-patched-linux-x86_64, r-release-linux-x86_64, r-release-macos-arm64, r-release-macos-x86_64, r-release-windows-ix86+x86_64