CRAN Package Check Results for Package RNGforGPD

Last updated on 2022-08-11 09:53:27 CEST.

Flavor Version Tinstall Tcheck Ttotal Status Flags
r-devel-linux-x86_64-debian-clang 1.1.0 5.03 102.98 108.01 NOTE
r-devel-linux-x86_64-debian-gcc 1.1.0 6.80 76.48 83.28 NOTE
r-devel-linux-x86_64-fedora-clang 1.1.0 137.77 NOTE
r-devel-linux-x86_64-fedora-gcc 1.1.0 143.67 NOTE
r-devel-windows-x86_64 1.1.0 22.00 118.00 140.00 NOTE
r-patched-linux-x86_64 1.1.0 5.41 103.45 108.86 NOTE
r-release-linux-x86_64 1.1.0 NOTE
r-release-macos-arm64 1.1.0 42.00 NOTE
r-release-macos-x86_64 1.1.0 59.00 NOTE
r-release-windows-x86_64 1.1.0 19.00 116.00 135.00 NOTE
r-oldrel-macos-arm64 1.1.0 45.00 NOTE
r-oldrel-macos-x86_64 1.1.0 82.00 NOTE
r-oldrel-windows-ix86+x86_64 1.1.0 16.00 122.00 138.00 NOTE

Check Details

Version: 1.1.0
Check: LazyData
Result: NOTE
     'LazyData' is specified without a 'data' directory
Flavors: r-devel-linux-x86_64-debian-clang, r-devel-linux-x86_64-debian-gcc, r-devel-linux-x86_64-fedora-clang, r-devel-linux-x86_64-fedora-gcc, r-devel-windows-x86_64, r-patched-linux-x86_64, r-release-linux-x86_64, r-release-macos-arm64, r-release-macos-x86_64, r-release-windows-x86_64, r-oldrel-macos-arm64, r-oldrel-macos-x86_64, r-oldrel-windows-ix86+x86_64