CRAN Package Check Results for Package RMixtComp

Last updated on 2024-07-16 07:01:50 CEST.

Flavor Version Tinstall Tcheck Ttotal Status Flags
r-devel-linux-x86_64-debian-clang 4.1.4 8.50 220.83 229.33 OK
r-devel-linux-x86_64-debian-gcc 4.1.4 6.13 156.96 163.09 OK
r-devel-linux-x86_64-fedora-clang 4.1.4 274.59 OK
r-devel-linux-x86_64-fedora-gcc 4.1.4 304.02 OK
r-devel-windows-x86_64 4.1.4 10.00 266.00 276.00 NOTE
r-patched-linux-x86_64 4.1.4 17.79 212.64 230.43 OK
r-release-linux-x86_64 4.1.4 5.86 210.13 215.99 OK
r-release-macos-arm64 4.1.4 82.00 OK
r-release-macos-x86_64 4.1.4 163.00 OK
r-release-windows-x86_64 4.1.4 8.00 273.00 281.00 OK
r-oldrel-macos-arm64 4.1.4 87.00 OK
r-oldrel-macos-x86_64 4.1.4 270.00 OK
r-oldrel-windows-x86_64 4.1.4 11.00 303.00 314.00 OK

Check Details

Version: 4.1.4
Check: Rd cross-references
Result: NOTE Found the following Rd file(s) with Rd \link{} targets missing package anchors: RMixtComp-package.Rd: createAlgo, availableModels, RMixtCompUtilities-package, getBIC, getICL, getCompletedData, getParam, getProportion, getTik, getEmpiricTik, getPartition, getType, getModel, getVarNames, computeDiscrimPowerClass, computeDiscrimPowerVar, computeSimilarityClass, computeSimilarityVar, plot.MixtComp, heatmapClass, heatmapTikSorted, heatmapVar, histMisclassif, plotConvergence, plotDataBoxplot, plotDataCI, plotDiscrimClass, plotDiscrimVar, plotProportion, RMixtCompIO-package mixtCompLearn.Rd: createAlgo, availableModels, heatmapVar plot.MixtCompLearn.Rd: plotDataCI, plotDataBoxplot Please provide package anchors for all Rd \link{} targets not in the package itself and the base packages. Flavor: r-devel-windows-x86_64