CRAN Package Check Results for Package RMTL

Last updated on 2021-06-16 21:51:55 CEST.

Flavor Version Tinstall Tcheck Ttotal Status Flags
r-devel-linux-x86_64-debian-clang 0.9 5.07 50.55 55.62 NOTE
r-devel-linux-x86_64-debian-gcc 0.9 3.88 37.36 41.24 NOTE
r-devel-linux-x86_64-fedora-clang 0.9 73.28 OK
r-devel-linux-x86_64-fedora-gcc 0.9 63.42 OK
r-devel-windows-x86_64 0.9 6.00 71.00 77.00 NOTE
r-devel-windows-x86_64-gcc10-UCRT 0.9 OK
r-patched-linux-x86_64 0.9 3.99 47.74 51.73 NOTE
r-patched-solaris-x86 0.9 86.50 OK
r-release-linux-x86_64 0.9 4.75 47.95 52.70 NOTE
r-release-macos-arm64 0.9 OK
r-release-macos-x86_64 0.9 OK
r-release-windows-ix86+x86_64 0.9 9.00 66.00 75.00 NOTE
r-oldrel-macos-x86_64 0.9 OK
r-oldrel-windows-ix86+x86_64 0.9 6.00 68.00 74.00 NOTE

Check Details

Version: 0.9
Check: package vignettes
Result: NOTE
    Package vignette with placeholder title 'Vignette Title':
     'rmtl.Rmd'
Flavors: r-devel-linux-x86_64-debian-clang, r-devel-linux-x86_64-debian-gcc, r-devel-windows-x86_64, r-patched-linux-x86_64, r-release-linux-x86_64, r-release-windows-ix86+x86_64, r-oldrel-windows-ix86+x86_64