Last updated on 2023-03-31 05:54:34 CEST.
Flavor | Version | Tinstall | Tcheck | Ttotal | Status | Flags |
---|---|---|---|---|---|---|
r-devel-linux-x86_64-debian-clang | 0.9.9 | 5.31 | 53.30 | 58.61 | NOTE | |
r-devel-linux-x86_64-debian-gcc | 0.9.9 | 3.04 | 38.78 | 41.82 | NOTE | |
r-devel-linux-x86_64-fedora-clang | 0.9.9 | 69.01 | NOTE | |||
r-devel-linux-x86_64-fedora-gcc | 0.9.9 | 81.22 | NOTE | |||
r-devel-windows-x86_64 | 0.9.9 | 14.00 | 85.00 | 99.00 | NOTE | |
r-patched-linux-x86_64 | 0.9.9 | 3.12 | 50.74 | 53.86 | NOTE | |
r-release-linux-x86_64 | 0.9.9 | 4.88 | 51.06 | 55.94 | OK | |
r-release-macos-arm64 | 0.9.9 | 27.00 | OK | |||
r-release-macos-x86_64 | 0.9.9 | 34.00 | OK | |||
r-release-windows-x86_64 | 0.9.9 | 14.00 | 86.00 | 100.00 | OK | |
r-oldrel-macos-arm64 | 0.9.9 | 26.00 | OK | |||
r-oldrel-macos-x86_64 | 0.9.9 | 32.00 | OK | |||
r-oldrel-windows-ix86+x86_64 | 0.9.9 | 10.00 | 81.00 | 91.00 | OK |
Version: 0.9.9
Check: package subdirectories
Result: NOTE
Problems with news in ‘NEWS.md’:
No news entries found.
Flavors: r-devel-linux-x86_64-debian-clang, r-devel-linux-x86_64-debian-gcc, r-devel-linux-x86_64-fedora-clang, r-devel-linux-x86_64-fedora-gcc, r-devel-windows-x86_64, r-patched-linux-x86_64